{"id":43403,"date":"2026-04-16T14:33:05","date_gmt":"2026-04-16T19:33:05","guid":{"rendered":"https:\/\/dif.qroo.gob.mx\/?page_id=43403"},"modified":"2026-04-16T14:36:27","modified_gmt":"2026-04-16T19:36:27","slug":"cedula-de-cualificacion-global-mir-de-los-programas-presupuestarios","status":"publish","type":"page","link":"https:\/\/dif.qroo.gob.mx\/index.php\/cedula-de-cualificacion-global-mir-de-los-programas-presupuestarios\/","title":{"rendered":"CEDULA DE CUALIFICACI\u00d3N GLOBAL MIR DE LOS PROGRAMAS PRESUPUESTARIOS"},"content":{"rendered":"\t\t<div data-elementor-type=\"wp-page\" data-elementor-id=\"43403\" class=\"elementor elementor-43403\">\n\t\t\t\t<div class=\"elementor-element elementor-element-6cf68f3 e-flex e-con-boxed e-con e-parent\" data-id=\"6cf68f3\" data-element_type=\"container\" data-e-type=\"container\">\n\t\t\t\t\t<div class=\"e-con-inner\">\n\t\t\t\t<div class=\"elementor-element elementor-element-eae9108 elementor-widget elementor-widget-html\" data-id=\"eae9108\" data-element_type=\"widget\" data-e-type=\"widget\" data-widget_type=\"html.default\">\n\t\t\t\t<div class=\"elementor-widget-container\">\n\t\t\t\t\t<h2 align=\"center\">CEDULA DE CUALIFICACI\u00d3N GLOBAL MIR DE LOS PROGRAMAS PRESUPUESTARIOS<\/h2>\n\n<table border=0 cellpadding=0 cellspacing=0 width=2879 style='border-collapse:\n <tr height=45 style='height:33.75pt'>\n  <td colspan=5 height=45 class=xl65 width=2879 style='height:33.75pt;\n  width:2160pt'>01 - C\u00c9DULA DE EVALUACI\u00d3N DEL PROCESO DE PROGRAMACI\u00d3N EN\n  CUMPLIMIENTO DE LA METODOLOG\u00cdA DE MARCO L\u00d3GICO (MML) EN LA ACTUALIZACI\u00d3N Y\n  REGISTRO DE LOS PROGRAMAS PRESUPUESTARIOS - 2026<\/td>\n <\/tr>\n <tr height=20 style='height:15.0pt'>\n  <td colspan=5 height=20 class=xl66 style='height:15.0pt'><\/td>\n <\/tr>\n <tr height=31 style='height:23.25pt'>\n  <td colspan=3 height=31 class=xl67 width=1125 style='border-right:.5pt solid black;\n  height:23.25pt;width:844pt'>PROGRAMA PRESUPUESTARIO<\/td>\n  <td colspan=2 class=xl70 width=1754 style='border-left:none;width:1316pt'>NOTIFICACI\u00d3N\n  DE INFORMACI\u00d3N PROGRAM\u00c1TICA 2026<\/td>\n <\/tr>\n <tr height=217 style='height:162.75pt'>\n  <td height=217 class=xl67 width=174 style='height:162.75pt;width:131pt'>FOLIO<\/td>\n  <td colspan=2 class=xl70 width=951 style='width:713pt'>NOMBRE<\/td>\n  <td class=xl71 width=642 style='border-top:none;width:482pt'>CALIFICACI\u00d3N\n  FINAL GLOBAL<\/td>\n  <td class=xl70 width=1112 style='border-top:none;border-left:none;width:834pt'>OFICIO<\/td>\n <\/tr>\n <tr height=31 style='height:23.25pt'>\n  <td height=31 class=xl72 width=174 style='height:23.25pt;border-top:none;\n  width:131pt'>E036<\/td>\n  <td colspan=2 class=xl73 width=951 style='width:713pt'>Servicios a Grupos de\n  Atenci\u00f3n Prioritaria<\/td>\n  <td rowspan=3 class=xl74 width=642 style='border-bottom:.5pt solid black;\n  border-top:none;width:482pt'>83.35<\/td>\n  <td rowspan=3 class=xl75 width=1112 style='border-bottom:.5pt solid black;\n  border-top:none;width:834pt'><a href=\"https:\/\/dif.qroo.gob.mx\/wp-content\/uploads\/2026\/04\/SEFIPLAN-SSPHSCP-DPPP-DIP-020126-69-I-2026.pdf\" target=\"_blank\">SEFIPLAN-SSPHSCP-DPPP-DIP-020126-69-I-2026<\/a><\/td>\n <\/tr>\n <tr height=31 style='height:23.25pt'>\n  <td height=31 class=xl72 width=174 style='height:23.25pt;border-top:none;\n  width:131pt'>S009<\/td>\n  <td colspan=2 class=xl73 width=951 style='width:713pt'>S009 - Programa de\n  entrega de apoyos de asistencia social y atenci\u00f3n ciudadana<\/td>\n <\/tr>\n <tr height=31 style='height:23.25pt'>\n  <td height=31 class=xl72 width=174 style='height:23.25pt;border-top:none;\n  width:131pt'>S032<\/td>\n  <td colspan=2 class=xl73 width=951 style='width:713pt'>S032 - Programa de\n  Estrategia Integral de Asistencia Social, Alimentaci\u00f3n y Desarrollo\n  Comunitario (EIASADC) de Quintana Roo<\/td>\n <\/tr>\n<\/table>\t\t\t\t<\/div>\n\t\t\t\t<\/div>\n\t\t\t\t\t<\/div>\n\t\t\t\t<\/div>\n\t\t\t\t<\/div>\n\t\t","protected":false},"excerpt":{"rendered":"<p>CEDULA DE CUALIFICACI\u00d3N GLOBAL MIR DE LOS PROGRAMAS PRESUPUESTARIOS<\/p>\n","protected":false},"author":4,"featured_media":0,"parent":0,"menu_order":0,"comment_status":"closed","ping_status":"closed","template":"","meta":{"footnotes":""},"class_list":["post-43403","page","type-page","status-publish"],"yoast_head":"<!-- This site is optimized with the Yoast SEO plugin v27.5 - https:\/\/yoast.com\/product\/yoast-seo-wordpress\/ -->\n<title>CEDULA DE CUALIFICACI\u00d3N GLOBAL MIR DE LOS PROGRAMAS PRESUPUESTARIOS - Sistema para el Desarrollo Integral de la Familia del Estado de Quintana Roo<\/title>\n<meta name=\"robots\" content=\"index, follow, max-snippet:-1, max-image-preview:large, max-video-preview:-1\" \/>\n<link rel=\"canonical\" href=\"https:\/\/dif.qroo.gob.mx\/index.php\/cedula-de-cualificacion-global-mir-de-los-programas-presupuestarios\/\" \/>\n<meta property=\"og:locale\" content=\"es_MX\" \/>\n<meta property=\"og:type\" content=\"article\" \/>\n<meta property=\"og:title\" content=\"CEDULA DE CUALIFICACI\u00d3N GLOBAL MIR DE LOS PROGRAMAS PRESUPUESTARIOS - Sistema para el Desarrollo Integral de la Familia del Estado de Quintana Roo\" \/>\n<meta property=\"og:description\" content=\"CEDULA DE CUALIFICACI\u00d3N GLOBAL MIR DE LOS PROGRAMAS PRESUPUESTARIOS\" \/>\n<meta property=\"og:url\" content=\"https:\/\/dif.qroo.gob.mx\/index.php\/cedula-de-cualificacion-global-mir-de-los-programas-presupuestarios\/\" \/>\n<meta property=\"og:site_name\" content=\"Sistema para el Desarrollo Integral de la Familia del Estado de Quintana Roo\" \/>\n<meta property=\"article:modified_time\" content=\"2026-04-16T19:36:27+00:00\" \/>\n<meta name=\"twitter:card\" content=\"summary_large_image\" \/>\n<meta name=\"twitter:label1\" content=\"Tiempo de lectura\" \/>\n\t<meta name=\"twitter:data1\" content=\"1 minuto\" \/>\n<script type=\"application\/ld+json\" class=\"yoast-schema-graph\">{\"@context\":\"https:\\\/\\\/schema.org\",\"@graph\":[{\"@type\":\"WebPage\",\"@id\":\"https:\\\/\\\/dif.qroo.gob.mx\\\/index.php\\\/cedula-de-cualificacion-global-mir-de-los-programas-presupuestarios\\\/\",\"url\":\"https:\\\/\\\/dif.qroo.gob.mx\\\/index.php\\\/cedula-de-cualificacion-global-mir-de-los-programas-presupuestarios\\\/\",\"name\":\"CEDULA DE CUALIFICACI\u00d3N GLOBAL MIR DE LOS PROGRAMAS PRESUPUESTARIOS - Sistema para el Desarrollo Integral de la Familia del Estado de Quintana Roo\",\"isPartOf\":{\"@id\":\"https:\\\/\\\/dif.qroo.gob.mx\\\/#website\"},\"datePublished\":\"2026-04-16T19:33:05+00:00\",\"dateModified\":\"2026-04-16T19:36:27+00:00\",\"breadcrumb\":{\"@id\":\"https:\\\/\\\/dif.qroo.gob.mx\\\/index.php\\\/cedula-de-cualificacion-global-mir-de-los-programas-presupuestarios\\\/#breadcrumb\"},\"inLanguage\":\"es\",\"potentialAction\":[{\"@type\":\"ReadAction\",\"target\":[\"https:\\\/\\\/dif.qroo.gob.mx\\\/index.php\\\/cedula-de-cualificacion-global-mir-de-los-programas-presupuestarios\\\/\"]}]},{\"@type\":\"BreadcrumbList\",\"@id\":\"https:\\\/\\\/dif.qroo.gob.mx\\\/index.php\\\/cedula-de-cualificacion-global-mir-de-los-programas-presupuestarios\\\/#breadcrumb\",\"itemListElement\":[{\"@type\":\"ListItem\",\"position\":1,\"name\":\"Inicio\",\"item\":\"https:\\\/\\\/dif.qroo.gob.mx\\\/\"},{\"@type\":\"ListItem\",\"position\":2,\"name\":\"CEDULA DE CUALIFICACI\u00d3N GLOBAL MIR DE LOS PROGRAMAS PRESUPUESTARIOS\"}]},{\"@type\":\"WebSite\",\"@id\":\"https:\\\/\\\/dif.qroo.gob.mx\\\/#website\",\"url\":\"https:\\\/\\\/dif.qroo.gob.mx\\\/\",\"name\":\"Sistema para el Desarrollo Integral de la Familia del Estado de Quintana Roo\",\"description\":\"DIF Quintana Roo\",\"publisher\":{\"@id\":\"https:\\\/\\\/dif.qroo.gob.mx\\\/#organization\"},\"potentialAction\":[{\"@type\":\"SearchAction\",\"target\":{\"@type\":\"EntryPoint\",\"urlTemplate\":\"https:\\\/\\\/dif.qroo.gob.mx\\\/?s={search_term_string}\"},\"query-input\":{\"@type\":\"PropertyValueSpecification\",\"valueRequired\":true,\"valueName\":\"search_term_string\"}}],\"inLanguage\":\"es\"},{\"@type\":\"Organization\",\"@id\":\"https:\\\/\\\/dif.qroo.gob.mx\\\/#organization\",\"name\":\"Sistema para el Desarrollo Integral de la Familia del Estado de Quintana Roo\",\"url\":\"https:\\\/\\\/dif.qroo.gob.mx\\\/\",\"logo\":{\"@type\":\"ImageObject\",\"inLanguage\":\"es\",\"@id\":\"https:\\\/\\\/dif.qroo.gob.mx\\\/#\\\/schema\\\/logo\\\/image\\\/\",\"url\":\"https:\\\/\\\/dif.qroo.gob.mx\\\/wp-content\\\/uploads\\\/2024\\\/08\\\/cropped-logo_alargado_peque.png\",\"contentUrl\":\"https:\\\/\\\/dif.qroo.gob.mx\\\/wp-content\\\/uploads\\\/2024\\\/08\\\/cropped-logo_alargado_peque.png\",\"width\":480,\"height\":248,\"caption\":\"Sistema para el Desarrollo Integral de la Familia del Estado de Quintana Roo\"},\"image\":{\"@id\":\"https:\\\/\\\/dif.qroo.gob.mx\\\/#\\\/schema\\\/logo\\\/image\\\/\"}}]}<\/script>\n<!-- \/ Yoast SEO plugin. -->","yoast_head_json":{"title":"CEDULA DE CUALIFICACI\u00d3N GLOBAL MIR DE LOS PROGRAMAS PRESUPUESTARIOS - Sistema para el Desarrollo Integral de la Familia del Estado de Quintana Roo","robots":{"index":"index","follow":"follow","max-snippet":"max-snippet:-1","max-image-preview":"max-image-preview:large","max-video-preview":"max-video-preview:-1"},"canonical":"https:\/\/dif.qroo.gob.mx\/index.php\/cedula-de-cualificacion-global-mir-de-los-programas-presupuestarios\/","og_locale":"es_MX","og_type":"article","og_title":"CEDULA DE CUALIFICACI\u00d3N GLOBAL MIR DE LOS PROGRAMAS PRESUPUESTARIOS - Sistema para el Desarrollo Integral de la Familia del Estado de Quintana Roo","og_description":"CEDULA DE CUALIFICACI\u00d3N GLOBAL MIR DE LOS PROGRAMAS PRESUPUESTARIOS","og_url":"https:\/\/dif.qroo.gob.mx\/index.php\/cedula-de-cualificacion-global-mir-de-los-programas-presupuestarios\/","og_site_name":"Sistema para el Desarrollo Integral de la Familia del Estado de Quintana Roo","article_modified_time":"2026-04-16T19:36:27+00:00","twitter_card":"summary_large_image","twitter_misc":{"Tiempo de lectura":"1 minuto"},"schema":{"@context":"https:\/\/schema.org","@graph":[{"@type":"WebPage","@id":"https:\/\/dif.qroo.gob.mx\/index.php\/cedula-de-cualificacion-global-mir-de-los-programas-presupuestarios\/","url":"https:\/\/dif.qroo.gob.mx\/index.php\/cedula-de-cualificacion-global-mir-de-los-programas-presupuestarios\/","name":"CEDULA DE CUALIFICACI\u00d3N GLOBAL MIR DE LOS PROGRAMAS PRESUPUESTARIOS - Sistema para el Desarrollo Integral de la Familia del Estado de Quintana Roo","isPartOf":{"@id":"https:\/\/dif.qroo.gob.mx\/#website"},"datePublished":"2026-04-16T19:33:05+00:00","dateModified":"2026-04-16T19:36:27+00:00","breadcrumb":{"@id":"https:\/\/dif.qroo.gob.mx\/index.php\/cedula-de-cualificacion-global-mir-de-los-programas-presupuestarios\/#breadcrumb"},"inLanguage":"es","potentialAction":[{"@type":"ReadAction","target":["https:\/\/dif.qroo.gob.mx\/index.php\/cedula-de-cualificacion-global-mir-de-los-programas-presupuestarios\/"]}]},{"@type":"BreadcrumbList","@id":"https:\/\/dif.qroo.gob.mx\/index.php\/cedula-de-cualificacion-global-mir-de-los-programas-presupuestarios\/#breadcrumb","itemListElement":[{"@type":"ListItem","position":1,"name":"Inicio","item":"https:\/\/dif.qroo.gob.mx\/"},{"@type":"ListItem","position":2,"name":"CEDULA DE CUALIFICACI\u00d3N GLOBAL MIR DE LOS PROGRAMAS PRESUPUESTARIOS"}]},{"@type":"WebSite","@id":"https:\/\/dif.qroo.gob.mx\/#website","url":"https:\/\/dif.qroo.gob.mx\/","name":"Sistema para el Desarrollo Integral de la Familia del Estado de Quintana Roo","description":"DIF Quintana Roo","publisher":{"@id":"https:\/\/dif.qroo.gob.mx\/#organization"},"potentialAction":[{"@type":"SearchAction","target":{"@type":"EntryPoint","urlTemplate":"https:\/\/dif.qroo.gob.mx\/?s={search_term_string}"},"query-input":{"@type":"PropertyValueSpecification","valueRequired":true,"valueName":"search_term_string"}}],"inLanguage":"es"},{"@type":"Organization","@id":"https:\/\/dif.qroo.gob.mx\/#organization","name":"Sistema para el Desarrollo Integral de la Familia del Estado de Quintana Roo","url":"https:\/\/dif.qroo.gob.mx\/","logo":{"@type":"ImageObject","inLanguage":"es","@id":"https:\/\/dif.qroo.gob.mx\/#\/schema\/logo\/image\/","url":"https:\/\/dif.qroo.gob.mx\/wp-content\/uploads\/2024\/08\/cropped-logo_alargado_peque.png","contentUrl":"https:\/\/dif.qroo.gob.mx\/wp-content\/uploads\/2024\/08\/cropped-logo_alargado_peque.png","width":480,"height":248,"caption":"Sistema para el Desarrollo Integral de la Familia del Estado de Quintana Roo"},"image":{"@id":"https:\/\/dif.qroo.gob.mx\/#\/schema\/logo\/image\/"}}]}},"_links":{"self":[{"href":"https:\/\/dif.qroo.gob.mx\/index.php\/wp-json\/wp\/v2\/pages\/43403","targetHints":{"allow":["GET"]}}],"collection":[{"href":"https:\/\/dif.qroo.gob.mx\/index.php\/wp-json\/wp\/v2\/pages"}],"about":[{"href":"https:\/\/dif.qroo.gob.mx\/index.php\/wp-json\/wp\/v2\/types\/page"}],"author":[{"embeddable":true,"href":"https:\/\/dif.qroo.gob.mx\/index.php\/wp-json\/wp\/v2\/users\/4"}],"replies":[{"embeddable":true,"href":"https:\/\/dif.qroo.gob.mx\/index.php\/wp-json\/wp\/v2\/comments?post=43403"}],"version-history":[{"count":7,"href":"https:\/\/dif.qroo.gob.mx\/index.php\/wp-json\/wp\/v2\/pages\/43403\/revisions"}],"predecessor-version":[{"id":43414,"href":"https:\/\/dif.qroo.gob.mx\/index.php\/wp-json\/wp\/v2\/pages\/43403\/revisions\/43414"}],"wp:attachment":[{"href":"https:\/\/dif.qroo.gob.mx\/index.php\/wp-json\/wp\/v2\/media?parent=43403"}],"curies":[{"name":"wp","href":"https:\/\/api.w.org\/{rel}","templated":true}]}}