{"id":40753,"date":"2025-04-02T11:04:45","date_gmt":"2025-04-02T16:04:45","guid":{"rendered":"https:\/\/dif.qroo.gob.mx\/?page_id=40753"},"modified":"2026-04-21T11:16:49","modified_gmt":"2026-04-21T16:16:49","slug":"ramo-33-por-ejercicio-fiscal","status":"publish","type":"page","link":"https:\/\/dif.qroo.gob.mx\/index.php\/ramo-33-por-ejercicio-fiscal\/","title":{"rendered":"RAMO 33 POR A\u00d1OS"},"content":{"rendered":"\t\t<div data-elementor-type=\"wp-page\" data-elementor-id=\"40753\" class=\"elementor elementor-40753\">\n\t\t\t\t<div class=\"elementor-element elementor-element-83291d6 e-flex e-con-boxed e-con e-parent\" data-id=\"83291d6\" data-element_type=\"container\">\n\t\t\t\t\t<div class=\"e-con-inner\">\n\t\t\t\t<div class=\"elementor-element elementor-element-5cc10fd elementor-widget elementor-widget-heading\" data-id=\"5cc10fd\" data-element_type=\"widget\" data-widget_type=\"heading.default\">\n\t\t\t\t<div class=\"elementor-widget-container\">\n\t\t\t\t\t<h2 class=\"elementor-heading-title elementor-size-default\">RAMO 33<\/h2>\t\t\t\t<\/div>\n\t\t\t\t<\/div>\n\t\t\t\t\t<\/div>\n\t\t\t\t<\/div>\n\t\t<div class=\"elementor-element elementor-element-ccde302 e-flex e-con-boxed e-con e-parent\" data-id=\"ccde302\" data-element_type=\"container\">\n\t\t\t\t\t<div class=\"e-con-inner\">\n\t\t\t\t<div class=\"elementor-element elementor-element-dc33e94 elementor-widget elementor-widget-eael-adv-tabs\" data-id=\"dc33e94\" data-element_type=\"widget\" data-widget_type=\"eael-adv-tabs.default\">\n\t\t\t\t<div class=\"elementor-widget-container\">\n\t\t\t\t\t        <div data-scroll-on-click=\"no\" data-scroll-speed=\"300\" id=\"eael-advance-tabs-dc33e94\" class=\"eael-advance-tabs eael-tabs-horizontal eael-tab-auto-active \" data-tabid=\"dc33e94\">\n            <div class=\"eael-tabs-nav\">\n                <ul class=\"eael-tab-inline-icon\" role=\"tablist\">\n                                            <li id=\"2026\" class=\"inactive eael-tab-item-trigger eael-tab-nav-item\" aria-selected=\"true\" data-tab=\"1\" role=\"tab\" tabindex=\"0\" aria-controls=\"2026-tab\" aria-expanded=\"false\">\n                            \n                                                                <svg class=\"e-font-icon-svg e-fas-home\" viewBox=\"0 0 576 512\" xmlns=\"http:\/\/www.w3.org\/2000\/svg\"><path d=\"M280.37 148.26L96 300.11V464a16 16 0 0 0 16 16l112.06-.29a16 16 0 0 0 15.92-16V368a16 16 0 0 1 16-16h64a16 16 0 0 1 16 16v95.64a16 16 0 0 0 16 16.05L464 480a16 16 0 0 0 16-16V300L295.67 148.26a12.19 12.19 0 0 0-15.3 0zM571.6 251.47L488 182.56V44.05a12 12 0 0 0-12-12h-56a12 12 0 0 0-12 12v72.61L318.47 43a48 48 0 0 0-61 0L4.34 251.47a12 12 0 0 0-1.6 16.9l25.5 31A12 12 0 0 0 45.15 301l235.22-193.74a12.19 12.19 0 0 1 15.3 0L530.9 301a12 12 0 0 0 16.9-1.6l25.5-31a12 12 0 0 0-1.7-16.93z\"><\/path><\/svg>                                                            \n                                                            <span class=\"eael-tab-title title-after-icon\" >2026<\/span>                            \n                                                    <\/li>\n                                            <li id=\"36965\" class=\"inactive eael-tab-item-trigger eael-tab-nav-item\" aria-selected=\"false\" data-tab=\"2\" role=\"tab\" tabindex=\"-1\" aria-controls=\"36965-tab\" aria-expanded=\"false\">\n                            \n                                                                <svg class=\"e-font-icon-svg e-fas-home\" viewBox=\"0 0 576 512\" xmlns=\"http:\/\/www.w3.org\/2000\/svg\"><path d=\"M280.37 148.26L96 300.11V464a16 16 0 0 0 16 16l112.06-.29a16 16 0 0 0 15.92-16V368a16 16 0 0 1 16-16h64a16 16 0 0 1 16 16v95.64a16 16 0 0 0 16 16.05L464 480a16 16 0 0 0 16-16V300L295.67 148.26a12.19 12.19 0 0 0-15.3 0zM571.6 251.47L488 182.56V44.05a12 12 0 0 0-12-12h-56a12 12 0 0 0-12 12v72.61L318.47 43a48 48 0 0 0-61 0L4.34 251.47a12 12 0 0 0-1.6 16.9l25.5 31A12 12 0 0 0 45.15 301l235.22-193.74a12.19 12.19 0 0 1 15.3 0L530.9 301a12 12 0 0 0 16.9-1.6l25.5-31a12 12 0 0 0-1.7-16.93z\"><\/path><\/svg>                                                            \n                                                            <span class=\"eael-tab-title title-after-icon\" >2025<\/span>                            \n                                                    <\/li>\n                                            <li id=\"2024\" class=\"inactive eael-tab-item-trigger eael-tab-nav-item\" aria-selected=\"false\" data-tab=\"3\" role=\"tab\" tabindex=\"-1\" aria-controls=\"2024-tab\" aria-expanded=\"false\">\n                            \n                                                                <svg class=\"e-font-icon-svg e-fas-home\" viewBox=\"0 0 576 512\" xmlns=\"http:\/\/www.w3.org\/2000\/svg\"><path d=\"M280.37 148.26L96 300.11V464a16 16 0 0 0 16 16l112.06-.29a16 16 0 0 0 15.92-16V368a16 16 0 0 1 16-16h64a16 16 0 0 1 16 16v95.64a16 16 0 0 0 16 16.05L464 480a16 16 0 0 0 16-16V300L295.67 148.26a12.19 12.19 0 0 0-15.3 0zM571.6 251.47L488 182.56V44.05a12 12 0 0 0-12-12h-56a12 12 0 0 0-12 12v72.61L318.47 43a48 48 0 0 0-61 0L4.34 251.47a12 12 0 0 0-1.6 16.9l25.5 31A12 12 0 0 0 45.15 301l235.22-193.74a12.19 12.19 0 0 1 15.3 0L530.9 301a12 12 0 0 0 16.9-1.6l25.5-31a12 12 0 0 0-1.7-16.93z\"><\/path><\/svg>                                                            \n                                                            <span class=\"eael-tab-title title-after-icon\" >2024<\/span>                            \n                                                    <\/li>\n                                    <\/ul>\n            <\/div>\n            \n            <div class=\"eael-tabs-content\">\n\t\t        \n                    <div id=\"2026-tab\" class=\"clearfix eael-tab-content-item inactive\" data-title-link=\"2026-tab\">\n\t\t\t\t        <ul><li><a href=\"https:\/\/dif.qroo.gob.mx\/wp-content\/uploads\/2026\/03\/PeriodicoOficial_ORDINARIO_2026-03-30-ROP-PAGUP.pdf\" target=\"_blank\" rel=\"noopener\">REGLAS DE OPERACI\u00d3N DEL PROGRAMA DE ATENCI\u00d3N A GRUPOS PRIORITARIO<\/a><\/li><li><a href=\"https:\/\/dif.qroo.gob.mx\/wp-content\/uploads\/2026\/04\/REGLAS-DE-OPERACION-DEL-PROGRAMA-DE-ALIMENTACION-ESCOLAR.pdf\" target=\"_blank\" rel=\"noopener\">REGLAS DE OPERACI\u00d3N DEL PROGRAMA DE ALIMENTACI\u00d3N ESCOLAR<\/a><\/li><li><a href=\"https:\/\/dif.qroo.gob.mx\/wp-content\/uploads\/2026\/04\/REGLAS-DE-OPERACION-DEL-PROGRAMA-DE-ATENCION-A-SUJETOS-EN-SITUACION-DE-VUNERABILIDAD.pdf\" target=\"_blank\" rel=\"noopener\"> REGLAS DE OPERACI\u00d3N DEL PROGRAMA DE ATENCI\u00d3N A SUJETOS EN SITUACI\u00d3N DE VUNERABILIDAD<\/a><\/li><li><a href=\"https:\/\/dif.qroo.gob.mx\/wp-content\/uploads\/2026\/04\/ROP-PUBLIC-PAA-PRIMEROS-1000-DIAS.pdf\" target=\"_blank\" rel=\"noopener\">REGLAS DE OPERACI\u00d3N DEL PROGRAMA DE ATENCI\u00d3N EN LOS PRIMEROS 1000 DIAS Y PRIMERA INFANCIA<\/a><\/li><li><a href=\"https:\/\/dif.qroo.gob.mx\/wp-content\/uploads\/2026\/04\/REGLAS-DE-OPERACION-DEL-PROGRAMA-DE-SALUD-Y-BIENESTAR-COMUNITARIO.pdf\" target=\"_blank\" rel=\"noopener\">REGLAS DE OPERACI\u00d3N DEL PROGRAMA DE SALUD Y BIENESTAR COMUNITARIO <\/a><\/li><li><a href=\"https:\/\/dif.qroo.gob.mx\/wp-content\/uploads\/2026\/04\/Reglas-de-operacion-para-los-Centros-de-Desarrollo-Comunitario-Programa-DIF-PILARES.pdf\" target=\"_blank\" rel=\"noopener\">REGLAS DE OPERACI\u00d3N PARA LOS CENTROS DE DESARROLLO COMUNITARIO PROGRAMA DIF PILARES<\/a><\/li><\/ul>                    <\/div>\n\t\t        \n                    <div id=\"36965-tab\" class=\"clearfix eael-tab-content-item inactive\" data-title-link=\"36965-tab\">\n\t\t\t\t        <ul><li><a href=\"https:\/\/dif.qroo.gob.mx\/index.php\/reportes-fam-e-indicadores\/\" target=\"_blank\" rel=\"noopener\">REPORTES FAM E INDICADORES.<\/a><\/li><li><a href=\"https:\/\/dif.qroo.gob.mx\/wp-content\/uploads\/2025\/07\/30.06.25-PeriodicoOficial_ORDINARIO_2025-06-30.pdf\" target=\"_blank\" rel=\"noopener\">REGLAS DE OPERACI\u00d3N DEL PROGRAMA DE ATENCI\u00d3N A GRUPOS PRIORITARIOS<\/a><\/li><li><a href=\"https:\/\/dif.qroo.gob.mx\/index.php\/reglas-de-operacion-sistema-dif-quintana-roo\/\" target=\"_blank\" rel=\"noopener\">PERI\u00d3DICO OFICIAL \u2013 REGLAS DE OPERACI\u00d3N DE PROGRAMAS QUE OPERA EL SISTEMA DIF QUINTANA ROO.<\/a><\/li><li><a href=\"https:\/\/dif.qroo.gob.mx\/index.php\/comites-de-vigilancia-ciudadana\/\" target=\"_blank\" rel=\"noopener\">COMIT\u00c9S DE VIGILANCIA CIUDADANA<\/a><\/li><li><a href=\"https:\/\/dif.qroo.gob.mx\/index.php\/fondo-de-infraestructura-social-para-la-entidades-fise\/\" target=\"_blank\" rel=\"noopener\">FONDO DE INFRAESTRUCTURA SOCIAL PARA LA ENTIDADES (FISE)<\/a><\/li><li><a href=\"https:\/\/dif.qroo.gob.mx\/index.php\/fondo-de-aportaciones-para-el-fortalecimiento-de-las-entidades-federativas\/\" target=\"_blank\" rel=\"noopener\">FONDO DE APORTACIONES PARA EL FORTALECIMIENTO DE LAS ENTIDADES FEDERATIVAS (FAFEF)<\/a><\/li><\/ul>                    <\/div>\n\t\t        \n                    <div id=\"2024-tab\" class=\"clearfix eael-tab-content-item inactive\" data-title-link=\"2024-tab\">\n\t\t\t\t        <ul><li><a href=\"https:\/\/dif.qroo.gob.mx\/index.php\/reportes-fam-e-indicadores\/\" target=\"_blank\" rel=\"noopener\">REPORTES FAM E INDICADORES.<\/a><\/li><li><a href=\"https:\/\/dif.qroo.gob.mx\/index.php\/fondo-de-aportaciones-para-el-fortalecimiento-de-las-entidades-federativas-fafef\" target=\"_blank\" rel=\"noopener\">FONDO DE APORTACIONES PARA EL FORTALECIMIENTO DE LAS ENTIDADES FEDERATIVAS (FAFEF).<br \/><\/a><\/li><li><a href=\"https:\/\/dif.qroo.gob.mx\/index.php\/informacion-de-los-programas-alimentarios\/\" target=\"_blank\" rel=\"noopener\">INFORMACI\u00d3N DE LOS PROGRAMAS ALIMENTARIOS.<\/a><\/li><li><a href=\"https:\/\/dif.qroo.gob.mx\/index.php\/periodico-oficial-reglas-de-operacion-de-programas-que-opera-el-sistema-dif-quintana-roo\/\" target=\"_blank\" rel=\"noopener\">PERI\u00d3DICO OFICIAL \u2013 REGLAS DE OPERACI\u00d3N DE PROGRAMAS QUE OPERA EL SISTEMA DIF QUINTANA ROO.<\/a><\/li><li><a href=\"https:\/\/dif.qroo.gob.mx\/index.php\/periodico-oficial-reglas-de-operacion-del-programa-de-ayuda-sociales-a-grupos-de-atencion-prioritaria\/\" target=\"_blank\" rel=\"noopener\">PERI\u00d3DICO OFICIAL \u2013 REGLAS DE OPERACI\u00d3N DEL PROGRAMA DE AYUDA SOCIALES A GRUPOS DE ATENCI\u00d3N PRIORITARIA.<\/a><\/li><li><a href=\"https:\/\/dif.qroo.gob.mx\/index.php\/evaluaciones\/\" target=\"_blank\" rel=\"noopener\">EVALUACIONES.<\/a><\/li><\/ul>                    <\/div>\n\t\t                    <\/div>\n        <\/div>\n\t\t\t\t<\/div>\n\t\t\t\t<\/div>\n\t\t\t\t\t<\/div>\n\t\t\t\t<\/div>\n\t\t\t\t<\/div>\n\t\t","protected":false},"excerpt":{"rendered":"<p>RAMO 33 2026 2025 2024 REGLAS DE OPERACI\u00d3N DEL PROGRAMA DE ATENCI\u00d3N A GRUPOS PRIORITARIO REGLAS DE OPERACI\u00d3N DEL PROGRAMA DE ALIMENTACI\u00d3N ESCOLAR REGLAS DE OPERACI\u00d3N DEL PROGRAMA DE ATENCI\u00d3N A SUJETOS EN SITUACI\u00d3N DE VUNERABILIDAD REGLAS DE OPERACI\u00d3N DEL PROGRAMA DE ATENCI\u00d3N EN LOS PRIMEROS 1000 DIAS Y PRIMERA INFANCIA REGLAS DE OPERACI\u00d3N DEL &#8230; <a title=\"RAMO 33 POR A\u00d1OS\" class=\"read-more\" href=\"https:\/\/dif.qroo.gob.mx\/index.php\/ramo-33-por-ejercicio-fiscal\/\" aria-label=\"Leer m\u00e1s sobre RAMO 33 POR A\u00d1OS\">Leer m\u00e1s<\/a><\/p>\n","protected":false},"author":7,"featured_media":0,"parent":0,"menu_order":0,"comment_status":"closed","ping_status":"closed","template":"","meta":{"footnotes":""},"class_list":["post-40753","page","type-page","status-publish"],"yoast_head":"<!-- This site is optimized with the Yoast SEO plugin v25.3 - https:\/\/yoast.com\/wordpress\/plugins\/seo\/ -->\n<title>RAMO 33 POR A\u00d1OS - Sistema para el Desarrollo Integral de la Familia del Estado de Quintana Roo<\/title>\n<meta name=\"robots\" content=\"index, follow, max-snippet:-1, max-image-preview:large, max-video-preview:-1\" \/>\n<link rel=\"canonical\" href=\"https:\/\/dif.qroo.gob.mx\/index.php\/ramo-33-por-ejercicio-fiscal\/\" \/>\n<meta property=\"og:locale\" content=\"es_MX\" \/>\n<meta property=\"og:type\" content=\"article\" \/>\n<meta property=\"og:title\" content=\"RAMO 33 POR A\u00d1OS - Sistema para el Desarrollo Integral de la Familia del Estado de Quintana Roo\" \/>\n<meta property=\"og:description\" content=\"RAMO 33 2026 2025 2024 REGLAS DE OPERACI\u00d3N DEL PROGRAMA DE ATENCI\u00d3N A GRUPOS PRIORITARIO REGLAS DE OPERACI\u00d3N DEL PROGRAMA DE ALIMENTACI\u00d3N ESCOLAR REGLAS DE OPERACI\u00d3N DEL PROGRAMA DE ATENCI\u00d3N A SUJETOS EN SITUACI\u00d3N DE VUNERABILIDAD REGLAS DE OPERACI\u00d3N DEL PROGRAMA DE ATENCI\u00d3N EN LOS PRIMEROS 1000 DIAS Y PRIMERA INFANCIA REGLAS DE OPERACI\u00d3N DEL ... Leer m\u00e1s\" \/>\n<meta property=\"og:url\" content=\"https:\/\/dif.qroo.gob.mx\/index.php\/ramo-33-por-ejercicio-fiscal\/\" \/>\n<meta property=\"og:site_name\" content=\"Sistema para el Desarrollo Integral de la Familia del Estado de Quintana Roo\" \/>\n<meta property=\"article:modified_time\" content=\"2026-04-21T16:16:49+00:00\" \/>\n<meta name=\"twitter:card\" content=\"summary_large_image\" \/>\n<meta name=\"twitter:label1\" content=\"Tiempo de lectura\" \/>\n\t<meta name=\"twitter:data1\" content=\"1 minuto\" \/>\n<script type=\"application\/ld+json\" class=\"yoast-schema-graph\">{\"@context\":\"https:\/\/schema.org\",\"@graph\":[{\"@type\":\"WebPage\",\"@id\":\"https:\/\/dif.qroo.gob.mx\/index.php\/ramo-33-por-ejercicio-fiscal\/\",\"url\":\"https:\/\/dif.qroo.gob.mx\/index.php\/ramo-33-por-ejercicio-fiscal\/\",\"name\":\"RAMO 33 POR A\u00d1OS - Sistema para el Desarrollo Integral de la Familia del Estado de Quintana Roo\",\"isPartOf\":{\"@id\":\"https:\/\/dif.qroo.gob.mx\/#website\"},\"datePublished\":\"2025-04-02T16:04:45+00:00\",\"dateModified\":\"2026-04-21T16:16:49+00:00\",\"breadcrumb\":{\"@id\":\"https:\/\/dif.qroo.gob.mx\/index.php\/ramo-33-por-ejercicio-fiscal\/#breadcrumb\"},\"inLanguage\":\"es\",\"potentialAction\":[{\"@type\":\"ReadAction\",\"target\":[\"https:\/\/dif.qroo.gob.mx\/index.php\/ramo-33-por-ejercicio-fiscal\/\"]}]},{\"@type\":\"BreadcrumbList\",\"@id\":\"https:\/\/dif.qroo.gob.mx\/index.php\/ramo-33-por-ejercicio-fiscal\/#breadcrumb\",\"itemListElement\":[{\"@type\":\"ListItem\",\"position\":1,\"name\":\"Inicio\",\"item\":\"https:\/\/dif.qroo.gob.mx\/\"},{\"@type\":\"ListItem\",\"position\":2,\"name\":\"RAMO 33 POR A\u00d1OS\"}]},{\"@type\":\"WebSite\",\"@id\":\"https:\/\/dif.qroo.gob.mx\/#website\",\"url\":\"https:\/\/dif.qroo.gob.mx\/\",\"name\":\"Sistema para el Desarrollo Integral de la Familia del Estado de Quintana Roo\",\"description\":\"DIF Quintana Roo\",\"publisher\":{\"@id\":\"https:\/\/dif.qroo.gob.mx\/#organization\"},\"potentialAction\":[{\"@type\":\"SearchAction\",\"target\":{\"@type\":\"EntryPoint\",\"urlTemplate\":\"https:\/\/dif.qroo.gob.mx\/?s={search_term_string}\"},\"query-input\":{\"@type\":\"PropertyValueSpecification\",\"valueRequired\":true,\"valueName\":\"search_term_string\"}}],\"inLanguage\":\"es\"},{\"@type\":\"Organization\",\"@id\":\"https:\/\/dif.qroo.gob.mx\/#organization\",\"name\":\"Sistema para el Desarrollo Integral de la Familia del Estado de Quintana Roo\",\"url\":\"https:\/\/dif.qroo.gob.mx\/\",\"logo\":{\"@type\":\"ImageObject\",\"inLanguage\":\"es\",\"@id\":\"https:\/\/dif.qroo.gob.mx\/#\/schema\/logo\/image\/\",\"url\":\"https:\/\/dif.qroo.gob.mx\/wp-content\/uploads\/2024\/08\/cropped-logo_alargado_peque.png\",\"contentUrl\":\"https:\/\/dif.qroo.gob.mx\/wp-content\/uploads\/2024\/08\/cropped-logo_alargado_peque.png\",\"width\":480,\"height\":248,\"caption\":\"Sistema para el Desarrollo Integral de la Familia del Estado de Quintana Roo\"},\"image\":{\"@id\":\"https:\/\/dif.qroo.gob.mx\/#\/schema\/logo\/image\/\"}}]}<\/script>\n<!-- \/ Yoast SEO plugin. -->","yoast_head_json":{"title":"RAMO 33 POR A\u00d1OS - Sistema para el Desarrollo Integral de la Familia del Estado de Quintana Roo","robots":{"index":"index","follow":"follow","max-snippet":"max-snippet:-1","max-image-preview":"max-image-preview:large","max-video-preview":"max-video-preview:-1"},"canonical":"https:\/\/dif.qroo.gob.mx\/index.php\/ramo-33-por-ejercicio-fiscal\/","og_locale":"es_MX","og_type":"article","og_title":"RAMO 33 POR A\u00d1OS - Sistema para el Desarrollo Integral de la Familia del Estado de Quintana Roo","og_description":"RAMO 33 2026 2025 2024 REGLAS DE OPERACI\u00d3N DEL PROGRAMA DE ATENCI\u00d3N A GRUPOS PRIORITARIO REGLAS DE OPERACI\u00d3N DEL PROGRAMA DE ALIMENTACI\u00d3N ESCOLAR REGLAS DE OPERACI\u00d3N DEL PROGRAMA DE ATENCI\u00d3N A SUJETOS EN SITUACI\u00d3N DE VUNERABILIDAD REGLAS DE OPERACI\u00d3N DEL PROGRAMA DE ATENCI\u00d3N EN LOS PRIMEROS 1000 DIAS Y PRIMERA INFANCIA REGLAS DE OPERACI\u00d3N DEL ... Leer m\u00e1s","og_url":"https:\/\/dif.qroo.gob.mx\/index.php\/ramo-33-por-ejercicio-fiscal\/","og_site_name":"Sistema para el Desarrollo Integral de la Familia del Estado de Quintana Roo","article_modified_time":"2026-04-21T16:16:49+00:00","twitter_card":"summary_large_image","twitter_misc":{"Tiempo de lectura":"1 minuto"},"schema":{"@context":"https:\/\/schema.org","@graph":[{"@type":"WebPage","@id":"https:\/\/dif.qroo.gob.mx\/index.php\/ramo-33-por-ejercicio-fiscal\/","url":"https:\/\/dif.qroo.gob.mx\/index.php\/ramo-33-por-ejercicio-fiscal\/","name":"RAMO 33 POR A\u00d1OS - Sistema para el Desarrollo Integral de la Familia del Estado de Quintana Roo","isPartOf":{"@id":"https:\/\/dif.qroo.gob.mx\/#website"},"datePublished":"2025-04-02T16:04:45+00:00","dateModified":"2026-04-21T16:16:49+00:00","breadcrumb":{"@id":"https:\/\/dif.qroo.gob.mx\/index.php\/ramo-33-por-ejercicio-fiscal\/#breadcrumb"},"inLanguage":"es","potentialAction":[{"@type":"ReadAction","target":["https:\/\/dif.qroo.gob.mx\/index.php\/ramo-33-por-ejercicio-fiscal\/"]}]},{"@type":"BreadcrumbList","@id":"https:\/\/dif.qroo.gob.mx\/index.php\/ramo-33-por-ejercicio-fiscal\/#breadcrumb","itemListElement":[{"@type":"ListItem","position":1,"name":"Inicio","item":"https:\/\/dif.qroo.gob.mx\/"},{"@type":"ListItem","position":2,"name":"RAMO 33 POR A\u00d1OS"}]},{"@type":"WebSite","@id":"https:\/\/dif.qroo.gob.mx\/#website","url":"https:\/\/dif.qroo.gob.mx\/","name":"Sistema para el Desarrollo Integral de la Familia del Estado de Quintana Roo","description":"DIF Quintana Roo","publisher":{"@id":"https:\/\/dif.qroo.gob.mx\/#organization"},"potentialAction":[{"@type":"SearchAction","target":{"@type":"EntryPoint","urlTemplate":"https:\/\/dif.qroo.gob.mx\/?s={search_term_string}"},"query-input":{"@type":"PropertyValueSpecification","valueRequired":true,"valueName":"search_term_string"}}],"inLanguage":"es"},{"@type":"Organization","@id":"https:\/\/dif.qroo.gob.mx\/#organization","name":"Sistema para el Desarrollo Integral de la Familia del Estado de Quintana Roo","url":"https:\/\/dif.qroo.gob.mx\/","logo":{"@type":"ImageObject","inLanguage":"es","@id":"https:\/\/dif.qroo.gob.mx\/#\/schema\/logo\/image\/","url":"https:\/\/dif.qroo.gob.mx\/wp-content\/uploads\/2024\/08\/cropped-logo_alargado_peque.png","contentUrl":"https:\/\/dif.qroo.gob.mx\/wp-content\/uploads\/2024\/08\/cropped-logo_alargado_peque.png","width":480,"height":248,"caption":"Sistema para el Desarrollo Integral de la Familia del Estado de Quintana Roo"},"image":{"@id":"https:\/\/dif.qroo.gob.mx\/#\/schema\/logo\/image\/"}}]}},"_links":{"self":[{"href":"https:\/\/dif.qroo.gob.mx\/index.php\/wp-json\/wp\/v2\/pages\/40753","targetHints":{"allow":["GET"]}}],"collection":[{"href":"https:\/\/dif.qroo.gob.mx\/index.php\/wp-json\/wp\/v2\/pages"}],"about":[{"href":"https:\/\/dif.qroo.gob.mx\/index.php\/wp-json\/wp\/v2\/types\/page"}],"author":[{"embeddable":true,"href":"https:\/\/dif.qroo.gob.mx\/index.php\/wp-json\/wp\/v2\/users\/7"}],"replies":[{"embeddable":true,"href":"https:\/\/dif.qroo.gob.mx\/index.php\/wp-json\/wp\/v2\/comments?post=40753"}],"version-history":[{"count":63,"href":"https:\/\/dif.qroo.gob.mx\/index.php\/wp-json\/wp\/v2\/pages\/40753\/revisions"}],"predecessor-version":[{"id":43507,"href":"https:\/\/dif.qroo.gob.mx\/index.php\/wp-json\/wp\/v2\/pages\/40753\/revisions\/43507"}],"wp:attachment":[{"href":"https:\/\/dif.qroo.gob.mx\/index.php\/wp-json\/wp\/v2\/media?parent=40753"}],"curies":[{"name":"wp","href":"https:\/\/api.w.org\/{rel}","templated":true}]}}