{"id":38371,"date":"2024-09-04T14:24:16","date_gmt":"2024-09-04T19:24:16","guid":{"rendered":"https:\/\/dif.qroo.gob.mx\/?page_id=38371"},"modified":"2024-09-09T11:57:00","modified_gmt":"2024-09-09T16:57:00","slug":"periodico-oficial-reglas-de-operacion-del-programa-de-ayuda-sociales-a-grupos-de-atencion-prioritaria","status":"publish","type":"page","link":"https:\/\/dif.qroo.gob.mx\/index.php\/periodico-oficial-reglas-de-operacion-del-programa-de-ayuda-sociales-a-grupos-de-atencion-prioritaria\/","title":{"rendered":"Peri\u00f3dico Oficial \u2013 Reglas de Operaci\u00f3n del Programa de Ayuda Sociales a Grupos de Atenci\u00f3n Prioritaria"},"content":{"rendered":"\t\t<div data-elementor-type=\"wp-page\" data-elementor-id=\"38371\" class=\"elementor elementor-38371\">\n\t\t\t\t<div class=\"elementor-element elementor-element-2b650eb e-flex e-con-boxed e-con e-parent\" data-id=\"2b650eb\" data-element_type=\"container\">\n\t\t\t\t\t<div class=\"e-con-inner\">\n\t\t\t\t<div class=\"elementor-element elementor-element-f682aa6 elementor-widget elementor-widget-heading\" data-id=\"f682aa6\" data-element_type=\"widget\" data-widget_type=\"heading.default\">\n\t\t\t\t<div class=\"elementor-widget-container\">\n\t\t\t\t\t<h1 class=\"elementor-heading-title elementor-size-default\">Peri\u00f3dico Oficial \u2013 Reglas de Operaci\u00f3n del Programa de Ayuda Sociales a Grupos de Atenci\u00f3n Prioritaria<\/h1>\t\t\t\t<\/div>\n\t\t\t\t<\/div>\n\t\t\t\t\t<\/div>\n\t\t\t\t<\/div>\n\t\t<div class=\"elementor-element elementor-element-9c274b1 e-flex e-con-boxed e-con e-parent\" data-id=\"9c274b1\" data-element_type=\"container\">\n\t\t\t\t\t<div class=\"e-con-inner\">\n\t\t\t\t\t<\/div>\n\t\t\t\t<\/div>\n\t\t\t\t<\/div>\n\t\t","protected":false},"excerpt":{"rendered":"<p>Peri\u00f3dico Oficial \u2013 Reglas de Operaci\u00f3n del Programa de Ayuda Sociales a Grupos de Atenci\u00f3n Prioritaria<\/p>\n","protected":false},"author":4,"featured_media":0,"parent":0,"menu_order":0,"comment_status":"closed","ping_status":"closed","template":"","meta":{"footnotes":""},"class_list":["post-38371","page","type-page","status-publish"],"yoast_head":"<!-- This site is optimized with the Yoast SEO plugin v25.3 - https:\/\/yoast.com\/wordpress\/plugins\/seo\/ -->\n<title>Peri\u00f3dico Oficial \u2013 Reglas de Operaci\u00f3n del Programa de Ayuda Sociales a Grupos de Atenci\u00f3n Prioritaria - Sistema para el Desarrollo Integral de la Familia del Estado de Quintana Roo<\/title>\n<meta name=\"robots\" content=\"index, follow, max-snippet:-1, max-image-preview:large, max-video-preview:-1\" \/>\n<link rel=\"canonical\" href=\"https:\/\/dif.qroo.gob.mx\/index.php\/periodico-oficial-reglas-de-operacion-del-programa-de-ayuda-sociales-a-grupos-de-atencion-prioritaria\/\" \/>\n<meta property=\"og:locale\" content=\"es_MX\" \/>\n<meta property=\"og:type\" content=\"article\" \/>\n<meta property=\"og:title\" content=\"Peri\u00f3dico Oficial \u2013 Reglas de Operaci\u00f3n del Programa de Ayuda Sociales a Grupos de Atenci\u00f3n Prioritaria - Sistema para el Desarrollo Integral de la Familia del Estado de Quintana Roo\" \/>\n<meta property=\"og:description\" content=\"Peri\u00f3dico Oficial \u2013 Reglas de Operaci\u00f3n del Programa de Ayuda Sociales a Grupos de Atenci\u00f3n Prioritaria\" \/>\n<meta property=\"og:url\" content=\"https:\/\/dif.qroo.gob.mx\/index.php\/periodico-oficial-reglas-de-operacion-del-programa-de-ayuda-sociales-a-grupos-de-atencion-prioritaria\/\" \/>\n<meta property=\"og:site_name\" content=\"Sistema para el Desarrollo Integral de la Familia del Estado de Quintana Roo\" \/>\n<meta property=\"article:modified_time\" content=\"2024-09-09T16:57:00+00:00\" \/>\n<meta name=\"twitter:card\" content=\"summary_large_image\" \/>\n<meta name=\"twitter:label1\" content=\"Tiempo de lectura\" \/>\n\t<meta name=\"twitter:data1\" content=\"1 minuto\" \/>\n<script type=\"application\/ld+json\" class=\"yoast-schema-graph\">{\"@context\":\"https:\/\/schema.org\",\"@graph\":[{\"@type\":\"WebPage\",\"@id\":\"https:\/\/dif.qroo.gob.mx\/index.php\/periodico-oficial-reglas-de-operacion-del-programa-de-ayuda-sociales-a-grupos-de-atencion-prioritaria\/\",\"url\":\"https:\/\/dif.qroo.gob.mx\/index.php\/periodico-oficial-reglas-de-operacion-del-programa-de-ayuda-sociales-a-grupos-de-atencion-prioritaria\/\",\"name\":\"Peri\u00f3dico Oficial \u2013 Reglas de Operaci\u00f3n del Programa de Ayuda Sociales a Grupos de Atenci\u00f3n Prioritaria - Sistema para el Desarrollo Integral de la Familia del Estado de Quintana Roo\",\"isPartOf\":{\"@id\":\"https:\/\/dif.qroo.gob.mx\/#website\"},\"datePublished\":\"2024-09-04T19:24:16+00:00\",\"dateModified\":\"2024-09-09T16:57:00+00:00\",\"breadcrumb\":{\"@id\":\"https:\/\/dif.qroo.gob.mx\/index.php\/periodico-oficial-reglas-de-operacion-del-programa-de-ayuda-sociales-a-grupos-de-atencion-prioritaria\/#breadcrumb\"},\"inLanguage\":\"es\",\"potentialAction\":[{\"@type\":\"ReadAction\",\"target\":[\"https:\/\/dif.qroo.gob.mx\/index.php\/periodico-oficial-reglas-de-operacion-del-programa-de-ayuda-sociales-a-grupos-de-atencion-prioritaria\/\"]}]},{\"@type\":\"BreadcrumbList\",\"@id\":\"https:\/\/dif.qroo.gob.mx\/index.php\/periodico-oficial-reglas-de-operacion-del-programa-de-ayuda-sociales-a-grupos-de-atencion-prioritaria\/#breadcrumb\",\"itemListElement\":[{\"@type\":\"ListItem\",\"position\":1,\"name\":\"Inicio\",\"item\":\"https:\/\/dif.qroo.gob.mx\/\"},{\"@type\":\"ListItem\",\"position\":2,\"name\":\"Peri\u00f3dico Oficial \u2013 Reglas de Operaci\u00f3n del Programa de Ayuda Sociales a Grupos de Atenci\u00f3n Prioritaria\"}]},{\"@type\":\"WebSite\",\"@id\":\"https:\/\/dif.qroo.gob.mx\/#website\",\"url\":\"https:\/\/dif.qroo.gob.mx\/\",\"name\":\"Sistema para el Desarrollo Integral de la Familia del Estado de Quintana Roo\",\"description\":\"DIF Quintana Roo\",\"publisher\":{\"@id\":\"https:\/\/dif.qroo.gob.mx\/#organization\"},\"potentialAction\":[{\"@type\":\"SearchAction\",\"target\":{\"@type\":\"EntryPoint\",\"urlTemplate\":\"https:\/\/dif.qroo.gob.mx\/?s={search_term_string}\"},\"query-input\":{\"@type\":\"PropertyValueSpecification\",\"valueRequired\":true,\"valueName\":\"search_term_string\"}}],\"inLanguage\":\"es\"},{\"@type\":\"Organization\",\"@id\":\"https:\/\/dif.qroo.gob.mx\/#organization\",\"name\":\"Sistema para el Desarrollo Integral de la Familia del Estado de Quintana Roo\",\"url\":\"https:\/\/dif.qroo.gob.mx\/\",\"logo\":{\"@type\":\"ImageObject\",\"inLanguage\":\"es\",\"@id\":\"https:\/\/dif.qroo.gob.mx\/#\/schema\/logo\/image\/\",\"url\":\"https:\/\/dif.qroo.gob.mx\/wp-content\/uploads\/2024\/08\/cropped-logo_alargado_peque.png\",\"contentUrl\":\"https:\/\/dif.qroo.gob.mx\/wp-content\/uploads\/2024\/08\/cropped-logo_alargado_peque.png\",\"width\":480,\"height\":248,\"caption\":\"Sistema para el Desarrollo Integral de la Familia del Estado de Quintana Roo\"},\"image\":{\"@id\":\"https:\/\/dif.qroo.gob.mx\/#\/schema\/logo\/image\/\"}}]}<\/script>\n<!-- \/ Yoast SEO plugin. -->","yoast_head_json":{"title":"Peri\u00f3dico Oficial \u2013 Reglas de Operaci\u00f3n del Programa de Ayuda Sociales a Grupos de Atenci\u00f3n Prioritaria - Sistema para el Desarrollo Integral de la Familia del Estado de Quintana Roo","robots":{"index":"index","follow":"follow","max-snippet":"max-snippet:-1","max-image-preview":"max-image-preview:large","max-video-preview":"max-video-preview:-1"},"canonical":"https:\/\/dif.qroo.gob.mx\/index.php\/periodico-oficial-reglas-de-operacion-del-programa-de-ayuda-sociales-a-grupos-de-atencion-prioritaria\/","og_locale":"es_MX","og_type":"article","og_title":"Peri\u00f3dico Oficial \u2013 Reglas de Operaci\u00f3n del Programa de Ayuda Sociales a Grupos de Atenci\u00f3n Prioritaria - Sistema para el Desarrollo Integral de la Familia del Estado de Quintana Roo","og_description":"Peri\u00f3dico Oficial \u2013 Reglas de Operaci\u00f3n del Programa de Ayuda Sociales a Grupos de Atenci\u00f3n Prioritaria","og_url":"https:\/\/dif.qroo.gob.mx\/index.php\/periodico-oficial-reglas-de-operacion-del-programa-de-ayuda-sociales-a-grupos-de-atencion-prioritaria\/","og_site_name":"Sistema para el Desarrollo Integral de la Familia del Estado de Quintana Roo","article_modified_time":"2024-09-09T16:57:00+00:00","twitter_card":"summary_large_image","twitter_misc":{"Tiempo de lectura":"1 minuto"},"schema":{"@context":"https:\/\/schema.org","@graph":[{"@type":"WebPage","@id":"https:\/\/dif.qroo.gob.mx\/index.php\/periodico-oficial-reglas-de-operacion-del-programa-de-ayuda-sociales-a-grupos-de-atencion-prioritaria\/","url":"https:\/\/dif.qroo.gob.mx\/index.php\/periodico-oficial-reglas-de-operacion-del-programa-de-ayuda-sociales-a-grupos-de-atencion-prioritaria\/","name":"Peri\u00f3dico Oficial \u2013 Reglas de Operaci\u00f3n del Programa de Ayuda Sociales a Grupos de Atenci\u00f3n Prioritaria - Sistema para el Desarrollo Integral de la Familia del Estado de Quintana Roo","isPartOf":{"@id":"https:\/\/dif.qroo.gob.mx\/#website"},"datePublished":"2024-09-04T19:24:16+00:00","dateModified":"2024-09-09T16:57:00+00:00","breadcrumb":{"@id":"https:\/\/dif.qroo.gob.mx\/index.php\/periodico-oficial-reglas-de-operacion-del-programa-de-ayuda-sociales-a-grupos-de-atencion-prioritaria\/#breadcrumb"},"inLanguage":"es","potentialAction":[{"@type":"ReadAction","target":["https:\/\/dif.qroo.gob.mx\/index.php\/periodico-oficial-reglas-de-operacion-del-programa-de-ayuda-sociales-a-grupos-de-atencion-prioritaria\/"]}]},{"@type":"BreadcrumbList","@id":"https:\/\/dif.qroo.gob.mx\/index.php\/periodico-oficial-reglas-de-operacion-del-programa-de-ayuda-sociales-a-grupos-de-atencion-prioritaria\/#breadcrumb","itemListElement":[{"@type":"ListItem","position":1,"name":"Inicio","item":"https:\/\/dif.qroo.gob.mx\/"},{"@type":"ListItem","position":2,"name":"Peri\u00f3dico Oficial \u2013 Reglas de Operaci\u00f3n del Programa de Ayuda Sociales a Grupos de Atenci\u00f3n Prioritaria"}]},{"@type":"WebSite","@id":"https:\/\/dif.qroo.gob.mx\/#website","url":"https:\/\/dif.qroo.gob.mx\/","name":"Sistema para el Desarrollo Integral de la Familia del Estado de Quintana Roo","description":"DIF Quintana Roo","publisher":{"@id":"https:\/\/dif.qroo.gob.mx\/#organization"},"potentialAction":[{"@type":"SearchAction","target":{"@type":"EntryPoint","urlTemplate":"https:\/\/dif.qroo.gob.mx\/?s={search_term_string}"},"query-input":{"@type":"PropertyValueSpecification","valueRequired":true,"valueName":"search_term_string"}}],"inLanguage":"es"},{"@type":"Organization","@id":"https:\/\/dif.qroo.gob.mx\/#organization","name":"Sistema para el Desarrollo Integral de la Familia del Estado de Quintana Roo","url":"https:\/\/dif.qroo.gob.mx\/","logo":{"@type":"ImageObject","inLanguage":"es","@id":"https:\/\/dif.qroo.gob.mx\/#\/schema\/logo\/image\/","url":"https:\/\/dif.qroo.gob.mx\/wp-content\/uploads\/2024\/08\/cropped-logo_alargado_peque.png","contentUrl":"https:\/\/dif.qroo.gob.mx\/wp-content\/uploads\/2024\/08\/cropped-logo_alargado_peque.png","width":480,"height":248,"caption":"Sistema para el Desarrollo Integral de la Familia del Estado de Quintana Roo"},"image":{"@id":"https:\/\/dif.qroo.gob.mx\/#\/schema\/logo\/image\/"}}]}},"_links":{"self":[{"href":"https:\/\/dif.qroo.gob.mx\/index.php\/wp-json\/wp\/v2\/pages\/38371","targetHints":{"allow":["GET"]}}],"collection":[{"href":"https:\/\/dif.qroo.gob.mx\/index.php\/wp-json\/wp\/v2\/pages"}],"about":[{"href":"https:\/\/dif.qroo.gob.mx\/index.php\/wp-json\/wp\/v2\/types\/page"}],"author":[{"embeddable":true,"href":"https:\/\/dif.qroo.gob.mx\/index.php\/wp-json\/wp\/v2\/users\/4"}],"replies":[{"embeddable":true,"href":"https:\/\/dif.qroo.gob.mx\/index.php\/wp-json\/wp\/v2\/comments?post=38371"}],"version-history":[{"count":14,"href":"https:\/\/dif.qroo.gob.mx\/index.php\/wp-json\/wp\/v2\/pages\/38371\/revisions"}],"predecessor-version":[{"id":38472,"href":"https:\/\/dif.qroo.gob.mx\/index.php\/wp-json\/wp\/v2\/pages\/38371\/revisions\/38472"}],"wp:attachment":[{"href":"https:\/\/dif.qroo.gob.mx\/index.php\/wp-json\/wp\/v2\/media?parent=38371"}],"curies":[{"name":"wp","href":"https:\/\/api.w.org\/{rel}","templated":true}]}}