{"id":37224,"date":"2024-08-27T12:24:24","date_gmt":"2024-08-27T17:24:24","guid":{"rendered":"https:\/\/dif.qroo.gob.mx\/?page_id=37224"},"modified":"2025-07-03T13:22:21","modified_gmt":"2025-07-03T18:22:21","slug":"vision-mision-y-objetivos","status":"publish","type":"page","link":"https:\/\/dif.qroo.gob.mx\/index.php\/vision-mision-y-objetivos\/","title":{"rendered":"VISI\u00d3N, MISI\u00d3N Y OBJETIVOS"},"content":{"rendered":"\n<P align=\"center\"><strong>MISI\u00d3N<\/strong><\/p>\n<div style=\"text-align: justify;\">\n<p>Somos una instituci\u00f3n rectora de la asistencia social cuyo principal objetivo es fomentar el bienestar y fortalecimiento integral de las familias a trav\u00e9s del Nuevo Acuerdo por el Bienestar y Desarrollo del Estado de Quintana Roo, empoderando a los Grupos de Atenci\u00f3n Prioritaria haci\u00e9ndolos protagonistas de su desarrollo.<\/p>\n<p align=\"center\"><strong>VISI\u00d3N\u00a0<\/strong><\/p>\n<p>Ser la instituci\u00f3n p\u00fablica rectora de la Asistencia Social en el Estado con referente a nivel nacional, a la vanguardia e innovaci\u00f3n en nuestras pol\u00edticas y modelos de atenci\u00f3n, sirviendo con amor por el bienestar de las familias y Grupos de Atenci\u00f3n Prioritaria de Quintana Roo.<\/p>\n<\/div>\n<p align=\"center\"><strong>OBJETIVOS<\/strong><\/p>\n<p>El DIF es un Organismo P\u00fablico Descentralizado de Inter\u00e9s Social, con personalidad jur\u00eddica y patrimonio propios.<\/p><br>\n<p align=\"center\"><strong>\u00bfCU\u00c1LES SON SUS OBJETIVOS B\u00c1SICOS?<\/strong><\/p><br>\n<ol>\n<li style=\"list-style-type: none;\">\n<ol>\n<li> Promover el bienestar social y prestar al efecto, tanto en forma directa como coordinada con las instituciones federales, estatales y municipales y con los Sistemas Municipales DIF, servicios de asistencia social, con apoyo en las normas que dicta la Secretar\u00eda de Salud, el Sistema Nacional para el Desarrollo Integral de la Familia, as\u00ed como servicios de gesti\u00f3n tr\u00e1mite y vinculaci\u00f3n ciudadana con instancias gubernamentales; Fracci\u00f3n reformada POE 17-11-2015,28-06-2017<\/li>\n<li>Apoyar el Desarrollo de la Familia y la Comunidad.<\/li>\n<li>Impulsar el sano crecimiento f\u00edsico y mental de la ni\u00f1ez quintanarroense.<\/li>\n<li>Celebrar convenios de coordinaci\u00f3n y colaboraci\u00f3n con los sistemas municipales DIF, as\u00ed como con las instancias p\u00fablicas y privadas, para el cumplimiento de las facultades y obligaciones atribuidas al Sistema Estatal DIF, por la presente Ley; Fracci\u00f3n reformada POE 28-06-2017<\/li>\n<li>Fomentar la educaci\u00f3n, que propicie la integraci\u00f3n social; as\u00ed como las actividades socio-culturales y deportivas que beneficien a la familia.<\/li>\n<li>Realizar estudios e investigaciones sobre los problemas de la familia, de los grupos en situaci\u00f3n de vulnerabilidad y en su caso dar seguimiento y atenci\u00f3n a este tipo de problem\u00e1tica vincul\u00e1ndola y canaliz\u00e1ndola con las instancias competentes para su atenci\u00f3n; Fracci\u00f3n reformada POE 17-11-2015, 28-06-2017<\/li>\n<li>Operar establecimientos de Asistencia Social en beneficio de los grupos en situaci\u00f3n de vulnerabilidad; Fracci\u00f3n reformada POE 17-11-2015, 28-06-2017<\/li>\n<li>Atender las funciones de auxilio a las Instituciones de Asistencia Privada que le conf\u00ede la dependencia competente, con sujeci\u00f3n a lo que disponga la ley relativa.<\/li>\n<li>Prestar gratuitamente servicios de asistencia jur\u00eddica y de orientaci\u00f3n social a los grupos en situaci\u00f3n de vulnerabilidad del Estado; Fracci\u00f3n reformada POE 17-11-2015, 28-06-2017<\/li>\n<li>Intervenir en el ejercicio de la tutela de ni\u00f1as, ni\u00f1os y adolescentes, que corresponda al Estado o al Municipio, en los t\u00e9rminos de las leyes respectivas; Fracci\u00f3n reformada POE 17-11-2015<\/li>\n<li>Auxiliar al Ministerio P\u00fablico en la protecci\u00f3n de los grupos en situaci\u00f3n de vulnerabilidad y en los procedimientos civiles y familiares que les afecten, de acuerdo con las leyes y reglamentos respectivos; Fracci\u00f3n reformada POE 17-11-2015, 28-06-2017<\/li>\n<li>Procurar permanente la adecuaci\u00f3n y cumplimiento de los objetivos y programas del Sistema Estatal, as\u00ed como los de los Sistemas Municipales, con los que lleve a cabo el Sistema Nacional, a trav\u00e9s de Decretos, Acuerdos, Convenios o cualquier figura jur\u00eddica, encaminada a la obtenci\u00f3n del bienestar social.<\/li>\n<li>Desarrollar, coordinar y cumplir con los programas que le encomiende al Sistema Estatal y a los Municipales, y la Secretar\u00eda de Salud del Estado, mediante convenios que para ese efecto se celebren; Fracci\u00f3n reformada POE 17-11-2015<\/li>\n<li>Promover ante los Tribunales del Estado todo tipo de juicios en los que, a criterio discrecional del propio Sistema, se vean afectados los derechos de los grupos en situaci\u00f3n de vulnerabilidad, respetando en todos los casos las funciones o atribuciones que las leyes encomienden a otras Dependencias o instituciones; Fracci\u00f3n reformada POE 17-11-2015, 28-06-2017<\/li>\n<li>Intervenir en los juicios de adopci\u00f3n de conformidad con las disposiciones aplicables; Fracci\u00f3n reformada POE 17-11-2015<\/li>\n<li>Coadyuvar en el establecimiento las pol\u00edticas que se requieran para la planeaci\u00f3n, programaci\u00f3n, presupuestaci\u00f3n y evaluaci\u00f3n de los programas de atenci\u00f3n ciudadana, as\u00ed como en la direcci\u00f3n y control de las mismas; Fracci\u00f3n reformada POE 28-06-2017<\/li>\n<li>Brindar atenci\u00f3n inmediata a los grupos vulnerables en un marco de respeto a los derechos humanos, en los asuntos que se recepcionen para su debido tr\u00e1mite y\/o gesti\u00f3n; Fracci\u00f3n adicionada POE 28-06-2017<\/li>\n<li>Asesorar y orientar a los ciudadanos en condici\u00f3n de vulnerabilidad sobre forma y requerimientos para presentar quejas o denuncias ante las instancias competentes y en su caso, gestionar la informaci\u00f3n del estado que guarden; Fracci\u00f3n adicionada POE 28-06-2017<\/li>\n<li>Implementar los mecanismos necesarios que coadyuven a conseguir los recursos financieros, materiales y\/o humanos para organizar las distintas brigadas de ayuda a regiones y grupos en situaci\u00f3n de vulnerabilidad; Fracci\u00f3n adicionada POE 28-06-2017<\/li>\n<li>Realizar convenios de colaboraci\u00f3n con las distintas instituciones gubernamentales y no gubernamentales con la finalidad de obtener recursos, por conducto de programas y apoyos destinados a la ciudadan\u00eda, as\u00ed como elaborar foros y convenios en los temas que sean de relevancia actual para la atenci\u00f3n ciudadana; Fracci\u00f3n adicionada POE 28-06-2017<\/li>\n<li>Recibir todo tipo de donaciones, tanto de organismos gubernamentales como no gubernamentales que fortalezcan el desarrollo de sus funciones en beneficio de la ciudadan\u00eda; Fracci\u00f3n adicionada POE 28-06-2017<\/li>\n<li>Establecer un programa operativo anual en relaci\u00f3n a programas de atenci\u00f3n ciudadana; as\u00ed como rendir un informe de las labores realizadas en el proceso a la Direcci\u00f3n General del Sistema, para la formulaci\u00f3n de los informes correspondientes, y Fracci\u00f3n adicionada POE 28-06-2017<\/li>\n<li>Las dem\u00e1s que les encomienden las leyes, decretos, acuerdos y reglamentos en vigor en el Estado y los convenios que celebre con la Federaci\u00f3n, Sistema Nacional, Municipios e Instituciones P\u00fablicas o Privadas, Nacionales o Extranjeras. Fracci\u00f3n adicionada POE 28-06-2017<\/li>\n<\/ol>\n<\/li>\n<\/ol>\n<p align=\"center\"><strong>\u00bfQU\u00c9 SE ENTIENDE POR ASISTENCIA SOCIAL?<\/strong><\/p><br>\n<p>Al conjunto de acciones tendientes a mejorar y modificar las circunstancias de car\u00e1cter social que impidan al individuo su desarrollo integral, as\u00ed como la protecci\u00f3n f\u00edsica, mental y social de personas en estado de necesidad, desprotecci\u00f3n o desventaja f\u00edsica o mental, hasta lograr su incorporaci\u00f3n a una vida plena y productiva.<\/p>\n<p align=\"center\"><strong>\u00bfQUI\u00c9NES PUEDEN RECIBIR ASISTENCIA SOCIAL?<\/strong><\/p><br>\n<ol>\n<li style=\"list-style-type: none;\">\n<ol>\n<li>Menores en estado de abandono, desamparo, desnutrici\u00f3n o sujetos a maltrato.<\/li>\n<li>Menores infractores.<\/li>\n<li>Mujeres en estado de gestaci\u00f3n o lactancia.<\/li>\n<li>Farmacodependientes, alcoh\u00f3licos o individuos en condiciones de vagancia.<\/li>\n<li>Ancianos en desamparo, incapacidad, marginaci\u00f3n o sujetos a maltrato.<\/li>\n<li>Persona con discapacidad: Toda persona que por raz\u00f3n cong\u00e9nita o adquirida presenta una o m\u00e1s deficiencias de car\u00e1cter f\u00edsico, mental, intelectual o sensorial, ya sea permanente o temporal y que al interactuar con las barreras que le impone el entorno social, pueda impedir su inclusi\u00f3n plena y efectiva, en igualdad de condiciones con las dem\u00e1s.<\/li>\n<li>Indigentes o personas que por su extrema ignorancia requieran servicios asistenciales.<\/li>\n<li>V\u00edctimas de la comisi\u00f3n de delitos, en el estado de abandono.<\/li>\n<li>Familiares que dependan econ\u00f3micamente de quienes se encuentren detenidos por causas penales y que queden en estado de abandono.<\/li>\n<li>Habitantes del medio rural o urbano que se encuentren marginados y carezcan de lo indispensable para su subsistencia.<\/li>\n<li>Afectados por desastres.<\/li>\n<li>Enfermos cr\u00f3nicos en estado de abandono.<\/li>\n<\/ol>\n<\/li>\n<\/ol>\n\n\n\n<p><\/p>\n","protected":false},"excerpt":{"rendered":"<p>MISI\u00d3N Somos una instituci\u00f3n rectora de la asistencia social cuyo principal objetivo es fomentar el bienestar y fortalecimiento integral de las familias a trav\u00e9s del Nuevo Acuerdo por el Bienestar y Desarrollo del Estado de Quintana Roo, empoderando a los Grupos de Atenci\u00f3n Prioritaria haci\u00e9ndolos protagonistas de su desarrollo. VISI\u00d3N\u00a0 Ser la instituci\u00f3n p\u00fablica rectora &#8230; <a title=\"VISI\u00d3N, MISI\u00d3N Y OBJETIVOS\" class=\"read-more\" href=\"https:\/\/dif.qroo.gob.mx\/index.php\/vision-mision-y-objetivos\/\" aria-label=\"Leer m\u00e1s sobre VISI\u00d3N, MISI\u00d3N Y OBJETIVOS\">Leer m\u00e1s<\/a><\/p>\n","protected":false},"author":4,"featured_media":0,"parent":0,"menu_order":0,"comment_status":"closed","ping_status":"closed","template":"","meta":{"footnotes":""},"class_list":["post-37224","page","type-page","status-publish"],"yoast_head":"<!-- This site is optimized with the Yoast SEO plugin v25.3 - https:\/\/yoast.com\/wordpress\/plugins\/seo\/ -->\n<title>VISI\u00d3N, MISI\u00d3N Y OBJETIVOS - Sistema para el Desarrollo Integral de la Familia del Estado de Quintana Roo<\/title>\n<meta name=\"robots\" content=\"index, follow, max-snippet:-1, max-image-preview:large, max-video-preview:-1\" \/>\n<link rel=\"canonical\" href=\"https:\/\/dif.qroo.gob.mx\/index.php\/vision-mision-y-objetivos\/\" \/>\n<meta property=\"og:locale\" content=\"es_MX\" \/>\n<meta property=\"og:type\" content=\"article\" \/>\n<meta property=\"og:title\" content=\"VISI\u00d3N, MISI\u00d3N Y OBJETIVOS - Sistema para el Desarrollo Integral de la Familia del Estado de Quintana Roo\" \/>\n<meta property=\"og:description\" content=\"MISI\u00d3N Somos una instituci\u00f3n rectora de la asistencia social cuyo principal objetivo es fomentar el bienestar y fortalecimiento integral de las familias a trav\u00e9s del Nuevo Acuerdo por el Bienestar y Desarrollo del Estado de Quintana Roo, empoderando a los Grupos de Atenci\u00f3n Prioritaria haci\u00e9ndolos protagonistas de su desarrollo. VISI\u00d3N\u00a0 Ser la instituci\u00f3n p\u00fablica rectora ... Leer m\u00e1s\" \/>\n<meta property=\"og:url\" content=\"https:\/\/dif.qroo.gob.mx\/index.php\/vision-mision-y-objetivos\/\" \/>\n<meta property=\"og:site_name\" content=\"Sistema para el Desarrollo Integral de la Familia del Estado de Quintana Roo\" \/>\n<meta property=\"article:modified_time\" content=\"2025-07-03T18:22:21+00:00\" \/>\n<meta name=\"twitter:card\" content=\"summary_large_image\" \/>\n<meta name=\"twitter:label1\" content=\"Tiempo de lectura\" \/>\n\t<meta name=\"twitter:data1\" content=\"6 minutos\" \/>\n<script type=\"application\/ld+json\" class=\"yoast-schema-graph\">{\"@context\":\"https:\/\/schema.org\",\"@graph\":[{\"@type\":\"WebPage\",\"@id\":\"https:\/\/dif.qroo.gob.mx\/index.php\/vision-mision-y-objetivos\/\",\"url\":\"https:\/\/dif.qroo.gob.mx\/index.php\/vision-mision-y-objetivos\/\",\"name\":\"VISI\u00d3N, MISI\u00d3N Y OBJETIVOS - Sistema para el Desarrollo Integral de la Familia del Estado de Quintana Roo\",\"isPartOf\":{\"@id\":\"https:\/\/dif.qroo.gob.mx\/#website\"},\"datePublished\":\"2024-08-27T17:24:24+00:00\",\"dateModified\":\"2025-07-03T18:22:21+00:00\",\"breadcrumb\":{\"@id\":\"https:\/\/dif.qroo.gob.mx\/index.php\/vision-mision-y-objetivos\/#breadcrumb\"},\"inLanguage\":\"es\",\"potentialAction\":[{\"@type\":\"ReadAction\",\"target\":[\"https:\/\/dif.qroo.gob.mx\/index.php\/vision-mision-y-objetivos\/\"]}]},{\"@type\":\"BreadcrumbList\",\"@id\":\"https:\/\/dif.qroo.gob.mx\/index.php\/vision-mision-y-objetivos\/#breadcrumb\",\"itemListElement\":[{\"@type\":\"ListItem\",\"position\":1,\"name\":\"Inicio\",\"item\":\"https:\/\/dif.qroo.gob.mx\/\"},{\"@type\":\"ListItem\",\"position\":2,\"name\":\"VISI\u00d3N, MISI\u00d3N Y OBJETIVOS\"}]},{\"@type\":\"WebSite\",\"@id\":\"https:\/\/dif.qroo.gob.mx\/#website\",\"url\":\"https:\/\/dif.qroo.gob.mx\/\",\"name\":\"Sistema para el Desarrollo Integral de la Familia del Estado de Quintana Roo\",\"description\":\"DIF Quintana Roo\",\"publisher\":{\"@id\":\"https:\/\/dif.qroo.gob.mx\/#organization\"},\"potentialAction\":[{\"@type\":\"SearchAction\",\"target\":{\"@type\":\"EntryPoint\",\"urlTemplate\":\"https:\/\/dif.qroo.gob.mx\/?s={search_term_string}\"},\"query-input\":{\"@type\":\"PropertyValueSpecification\",\"valueRequired\":true,\"valueName\":\"search_term_string\"}}],\"inLanguage\":\"es\"},{\"@type\":\"Organization\",\"@id\":\"https:\/\/dif.qroo.gob.mx\/#organization\",\"name\":\"Sistema para el Desarrollo Integral de la Familia del Estado de Quintana Roo\",\"url\":\"https:\/\/dif.qroo.gob.mx\/\",\"logo\":{\"@type\":\"ImageObject\",\"inLanguage\":\"es\",\"@id\":\"https:\/\/dif.qroo.gob.mx\/#\/schema\/logo\/image\/\",\"url\":\"https:\/\/dif.qroo.gob.mx\/wp-content\/uploads\/2024\/08\/cropped-logo_alargado_peque.png\",\"contentUrl\":\"https:\/\/dif.qroo.gob.mx\/wp-content\/uploads\/2024\/08\/cropped-logo_alargado_peque.png\",\"width\":480,\"height\":248,\"caption\":\"Sistema para el Desarrollo Integral de la Familia del Estado de Quintana Roo\"},\"image\":{\"@id\":\"https:\/\/dif.qroo.gob.mx\/#\/schema\/logo\/image\/\"}}]}<\/script>\n<!-- \/ Yoast SEO plugin. -->","yoast_head_json":{"title":"VISI\u00d3N, MISI\u00d3N Y OBJETIVOS - Sistema para el Desarrollo Integral de la Familia del Estado de Quintana Roo","robots":{"index":"index","follow":"follow","max-snippet":"max-snippet:-1","max-image-preview":"max-image-preview:large","max-video-preview":"max-video-preview:-1"},"canonical":"https:\/\/dif.qroo.gob.mx\/index.php\/vision-mision-y-objetivos\/","og_locale":"es_MX","og_type":"article","og_title":"VISI\u00d3N, MISI\u00d3N Y OBJETIVOS - Sistema para el Desarrollo Integral de la Familia del Estado de Quintana Roo","og_description":"MISI\u00d3N Somos una instituci\u00f3n rectora de la asistencia social cuyo principal objetivo es fomentar el bienestar y fortalecimiento integral de las familias a trav\u00e9s del Nuevo Acuerdo por el Bienestar y Desarrollo del Estado de Quintana Roo, empoderando a los Grupos de Atenci\u00f3n Prioritaria haci\u00e9ndolos protagonistas de su desarrollo. VISI\u00d3N\u00a0 Ser la instituci\u00f3n p\u00fablica rectora ... Leer m\u00e1s","og_url":"https:\/\/dif.qroo.gob.mx\/index.php\/vision-mision-y-objetivos\/","og_site_name":"Sistema para el Desarrollo Integral de la Familia del Estado de Quintana Roo","article_modified_time":"2025-07-03T18:22:21+00:00","twitter_card":"summary_large_image","twitter_misc":{"Tiempo de lectura":"6 minutos"},"schema":{"@context":"https:\/\/schema.org","@graph":[{"@type":"WebPage","@id":"https:\/\/dif.qroo.gob.mx\/index.php\/vision-mision-y-objetivos\/","url":"https:\/\/dif.qroo.gob.mx\/index.php\/vision-mision-y-objetivos\/","name":"VISI\u00d3N, MISI\u00d3N Y OBJETIVOS - Sistema para el Desarrollo Integral de la Familia del Estado de Quintana Roo","isPartOf":{"@id":"https:\/\/dif.qroo.gob.mx\/#website"},"datePublished":"2024-08-27T17:24:24+00:00","dateModified":"2025-07-03T18:22:21+00:00","breadcrumb":{"@id":"https:\/\/dif.qroo.gob.mx\/index.php\/vision-mision-y-objetivos\/#breadcrumb"},"inLanguage":"es","potentialAction":[{"@type":"ReadAction","target":["https:\/\/dif.qroo.gob.mx\/index.php\/vision-mision-y-objetivos\/"]}]},{"@type":"BreadcrumbList","@id":"https:\/\/dif.qroo.gob.mx\/index.php\/vision-mision-y-objetivos\/#breadcrumb","itemListElement":[{"@type":"ListItem","position":1,"name":"Inicio","item":"https:\/\/dif.qroo.gob.mx\/"},{"@type":"ListItem","position":2,"name":"VISI\u00d3N, MISI\u00d3N Y OBJETIVOS"}]},{"@type":"WebSite","@id":"https:\/\/dif.qroo.gob.mx\/#website","url":"https:\/\/dif.qroo.gob.mx\/","name":"Sistema para el Desarrollo Integral de la Familia del Estado de Quintana Roo","description":"DIF Quintana Roo","publisher":{"@id":"https:\/\/dif.qroo.gob.mx\/#organization"},"potentialAction":[{"@type":"SearchAction","target":{"@type":"EntryPoint","urlTemplate":"https:\/\/dif.qroo.gob.mx\/?s={search_term_string}"},"query-input":{"@type":"PropertyValueSpecification","valueRequired":true,"valueName":"search_term_string"}}],"inLanguage":"es"},{"@type":"Organization","@id":"https:\/\/dif.qroo.gob.mx\/#organization","name":"Sistema para el Desarrollo Integral de la Familia del Estado de Quintana Roo","url":"https:\/\/dif.qroo.gob.mx\/","logo":{"@type":"ImageObject","inLanguage":"es","@id":"https:\/\/dif.qroo.gob.mx\/#\/schema\/logo\/image\/","url":"https:\/\/dif.qroo.gob.mx\/wp-content\/uploads\/2024\/08\/cropped-logo_alargado_peque.png","contentUrl":"https:\/\/dif.qroo.gob.mx\/wp-content\/uploads\/2024\/08\/cropped-logo_alargado_peque.png","width":480,"height":248,"caption":"Sistema para el Desarrollo Integral de la Familia del Estado de Quintana Roo"},"image":{"@id":"https:\/\/dif.qroo.gob.mx\/#\/schema\/logo\/image\/"}}]}},"_links":{"self":[{"href":"https:\/\/dif.qroo.gob.mx\/index.php\/wp-json\/wp\/v2\/pages\/37224","targetHints":{"allow":["GET"]}}],"collection":[{"href":"https:\/\/dif.qroo.gob.mx\/index.php\/wp-json\/wp\/v2\/pages"}],"about":[{"href":"https:\/\/dif.qroo.gob.mx\/index.php\/wp-json\/wp\/v2\/types\/page"}],"author":[{"embeddable":true,"href":"https:\/\/dif.qroo.gob.mx\/index.php\/wp-json\/wp\/v2\/users\/4"}],"replies":[{"embeddable":true,"href":"https:\/\/dif.qroo.gob.mx\/index.php\/wp-json\/wp\/v2\/comments?post=37224"}],"version-history":[{"count":3,"href":"https:\/\/dif.qroo.gob.mx\/index.php\/wp-json\/wp\/v2\/pages\/37224\/revisions"}],"predecessor-version":[{"id":41365,"href":"https:\/\/dif.qroo.gob.mx\/index.php\/wp-json\/wp\/v2\/pages\/37224\/revisions\/41365"}],"wp:attachment":[{"href":"https:\/\/dif.qroo.gob.mx\/index.php\/wp-json\/wp\/v2\/media?parent=37224"}],"curies":[{"name":"wp","href":"https:\/\/api.w.org\/{rel}","templated":true}]}}