{"id":37022,"date":"2024-08-22T16:40:42","date_gmt":"2024-08-22T21:40:42","guid":{"rendered":"https:\/\/dif.qroo.gob.mx\/?page_id=37022"},"modified":"2024-08-22T16:40:44","modified_gmt":"2024-08-22T21:40:44","slug":"red-estatal-de-prevencion-deteccion-y-atencion-del-maltrato-y-explotacion-sexual-infantil","status":"publish","type":"page","link":"https:\/\/dif.qroo.gob.mx\/index.php\/red-estatal-de-prevencion-deteccion-y-atencion-del-maltrato-y-explotacion-sexual-infantil\/","title":{"rendered":"Red Estatal De Prevenci\u00f3n, Detecci\u00f3n Y Atenci\u00f3n Del Maltrato Y Explotaci\u00f3n Sexual Infantil"},"content":{"rendered":"\n<div class=\"row\"><section class=\"col-md-12\">\n<div id=\"main\" class=\"clearfix main main-area fade animated in fadeIn\" data-animate-effect=\"fadeIn\">\n<div class=\"region region-content\">\n<div id=\"block-startupgrowth-page-title\" class=\"block block-core block-page-title-block\">\n<div class=\"content\">\n<h1 class=\"js-quickedit-page-title title page-title\"><strong style=\"font-size: 16px;\">Antecedentes<\/strong><\/h1>\n<\/div>\n<\/div>\n<div id=\"block-startupgrowth-content\" class=\"block block-system block-system-main-block\">\n<div class=\"content\"><article class=\"node node--type-tc-pagina-informativa node--view-mode-full clearfix\" role=\"article\">\n<div class=\"node--content-container\">\n<div class=\"node--content clearfix\">\n<div class=\"clearfix text-formatted field field--name-body field--type-text-with-summary field--label-hidden field__item\">\n\n<img decoding=\"async\" class=\"align-left\" src=\"https:\/\/dif.qroo.gob.mx\/wp-content\/uploads\/2024\/08\/cdnna.png\" alt=\"CDNNA\" data-entity-type=\"file\" data-entity-uuid=\"99e5cb62-f795-464b-83fb-3606c95bbd2f\" \/>El Sistema DIF Estatal, desde el a\u00f1o 2006 integra la Red Estatal de Prevenci\u00f3n, Detecci\u00f3n y Atenci\u00f3n del Maltrato y Explotaci\u00f3n Sexual Infantil, la cual es conformada por profesionales de las diversas instituciones del estado, quienes sensibilizados ante la grave problem\u00e1tica de la violencia en sus m\u00faltiples formas hacia las mujeres, los ni\u00f1os y las ni\u00f1as han sumado esfuerzos para erradicar estas problem\u00e1ticas.\n\nLa red cuenta con cobertura estatal y est\u00e1 orientada a sumar esfuerzos entre diversas instituciones de salud, educaci\u00f3n, justicia, profesionales particulares preocupados y ocupados en la prevenci\u00f3n de la violencia sexual contra ni\u00f1os, ni\u00f1as y adolescentes promoviendo la sensibilizaci\u00f3n de todo el contexto social y sus agentes.\n\n<strong>Misi\u00f3n<\/strong>\n\nPromover la prevenci\u00f3n, detecci\u00f3n y denuncia de los delitos contra las ni\u00f1as, ni\u00f1os y adolescentes y hacer part\u00edcipe a la sociedad en la prevenci\u00f3n y atenci\u00f3n de la violencia en todas sus formas.\n\n<strong>Visi\u00f3n<\/strong>\n\nSer una red estatal fortalecida con acciones sociales contundentes de prevenci\u00f3n, detecci\u00f3n y atenci\u00f3n de la violencia.\n\n<strong>\u00bfQu\u00e9 acciones realiza la red?<\/strong>\n\nLa Red estatal dirige sus acciones hacia los ni\u00f1os, ni\u00f1as, adolescentes, padres de familia, docentes, servidores p\u00fablicos, asociaciones civiles, redes vecinales con talleres espec\u00edficos para cada poblaci\u00f3n entre los que se encuentran:\n<ul>\n \t<li>\u00a0\u00a0\u00a0 <em>Taller de prevenci\u00f3n del Abuso Sexual Infantil &#8220;El \u00e1rbol de Chichoca&#8221;<\/em><\/li>\n<\/ul>\n<img decoding=\"async\" class=\"align-center\" src=\"https:\/\/dif.qroo.gob.mx\/wp-content\/uploads\/2024\/08\/chicoca.jpg\" alt=\"\u00c1rbol de Chicoca\" data-entity-type=\"file\" data-entity-uuid=\"f56eef92-ff64-4385-9d57-cfd2122e1945\" \/>\n<ul>\n \t<li><em>Taller de prevenci\u00f3n del maltrato infantil &#8220;Me lo dijo un pajarito&#8221; <\/em><\/li>\n<\/ul>\n<img decoding=\"async\" class=\"align-center\" src=\"https:\/\/dif.qroo.gob.mx\/wp-content\/uploads\/2024\/08\/pajarito.gif\" alt=\"Me lo dijo un pajarito\" data-entity-type=\"file\" data-entity-uuid=\"00d7292a-6969-4a20-b0b2-f3c2cae5b70b\" \/>\n<ul>\n \t<li><em>Taller de prevenci\u00f3n del embarazo en la adolescencia &#8220;La foto del recuerdo&#8221; <\/em><\/li>\n<\/ul>\n<img decoding=\"async\" class=\"align-center\" src=\"https:\/\/dif.qroo.gob.mx\/wp-content\/uploads\/2024\/08\/recuerdo.jpg\" alt=\"La foto del recuerdo\" data-entity-type=\"file\" data-entity-uuid=\"144ac1b0-d7cc-434b-8852-57c3eb4ba581\" \/>\n<ul>\n \t<li><em>\u00a0Taller de prevenci\u00f3n de la violencia en el noviazgo<\/em><\/li>\n \t<li><em>\u00a0Taller de prevenci\u00f3n del acoso escolar &#8220;Bullying&#8221;<\/em><\/li>\n \t<li><em>\u00a0Taller de Trata de personas &#8220;Campos de Mud\u00e1n&#8221;<\/em><\/li>\n<\/ul>\n<strong>Talleres vivenciales:<\/strong>\n<ul>\n \t<li><em>\u00a0Manejo de emociones y Resoluci\u00f3n Asertiva de conflictos<\/em><\/li>\n \t<li><em>\u00a0Sensibilizaci\u00f3n en violencia sexual<\/em><\/li>\n \t<li><em>\u00a0Educaci\u00f3n emocional<\/em><\/li>\n<\/ul>\n<strong>Para capacitadores:<\/strong>\n<ul>\n \t<li>\u00a0<em>Manejo de emociones y Resoluci\u00f3n Asertiva de conflictos<\/em><\/li>\n \t<li><em>\u00a0Educaci\u00f3n emocional<\/em><\/li>\n \t<li><em>\u00a0Modelo Para la Atenci\u00f3n Psicol\u00f3gica de la Violencia Sexual Infantil<\/em><\/li>\n \t<li><em>\u00a0Prevenci\u00f3n del Abuso Sexual Infantil<\/em><\/li>\n<\/ul>\n<\/div>\n<\/div>\n<\/div>\n<\/article><\/div>\n<\/div>\n<div id=\"block-textresize\" class=\"block block-text-resize block-text-resize-block\">\n<div class=\"content\"><\/div>\n<\/div>\n<\/div>\n<\/div>\n<\/section><\/div>\n","protected":false},"excerpt":{"rendered":"<p>Antecedentes El Sistema DIF Estatal, desde el a\u00f1o 2006 integra la Red Estatal de Prevenci\u00f3n, Detecci\u00f3n y Atenci\u00f3n del Maltrato y Explotaci\u00f3n Sexual Infantil, la cual es conformada por profesionales de las diversas instituciones del estado, quienes sensibilizados ante la grave problem\u00e1tica de la violencia en sus m\u00faltiples formas hacia las mujeres, los ni\u00f1os y &#8230; <a title=\"Red Estatal De Prevenci\u00f3n, Detecci\u00f3n Y Atenci\u00f3n Del Maltrato Y Explotaci\u00f3n Sexual Infantil\" class=\"read-more\" href=\"https:\/\/dif.qroo.gob.mx\/index.php\/red-estatal-de-prevencion-deteccion-y-atencion-del-maltrato-y-explotacion-sexual-infantil\/\" aria-label=\"Leer m\u00e1s sobre Red Estatal De Prevenci\u00f3n, Detecci\u00f3n Y Atenci\u00f3n Del Maltrato Y Explotaci\u00f3n Sexual Infantil\">Leer m\u00e1s<\/a><\/p>\n","protected":false},"author":4,"featured_media":0,"parent":0,"menu_order":0,"comment_status":"closed","ping_status":"closed","template":"","meta":{"footnotes":""},"class_list":["post-37022","page","type-page","status-publish"],"yoast_head":"<!-- This site is optimized with the Yoast SEO plugin v25.3 - https:\/\/yoast.com\/wordpress\/plugins\/seo\/ -->\n<title>Red Estatal De Prevenci\u00f3n, Detecci\u00f3n Y Atenci\u00f3n Del Maltrato Y Explotaci\u00f3n Sexual Infantil - Sistema para el Desarrollo Integral de la Familia del Estado de Quintana Roo<\/title>\n<meta name=\"robots\" content=\"index, follow, max-snippet:-1, max-image-preview:large, max-video-preview:-1\" \/>\n<link rel=\"canonical\" href=\"https:\/\/dif.qroo.gob.mx\/index.php\/red-estatal-de-prevencion-deteccion-y-atencion-del-maltrato-y-explotacion-sexual-infantil\/\" \/>\n<meta property=\"og:locale\" content=\"es_MX\" \/>\n<meta property=\"og:type\" content=\"article\" \/>\n<meta property=\"og:title\" content=\"Red Estatal De Prevenci\u00f3n, Detecci\u00f3n Y Atenci\u00f3n Del Maltrato Y Explotaci\u00f3n Sexual Infantil - Sistema para el Desarrollo Integral de la Familia del Estado de Quintana Roo\" \/>\n<meta property=\"og:description\" content=\"Antecedentes El Sistema DIF Estatal, desde el a\u00f1o 2006 integra la Red Estatal de Prevenci\u00f3n, Detecci\u00f3n y Atenci\u00f3n del Maltrato y Explotaci\u00f3n Sexual Infantil, la cual es conformada por profesionales de las diversas instituciones del estado, quienes sensibilizados ante la grave problem\u00e1tica de la violencia en sus m\u00faltiples formas hacia las mujeres, los ni\u00f1os y ... Leer m\u00e1s\" \/>\n<meta property=\"og:url\" content=\"https:\/\/dif.qroo.gob.mx\/index.php\/red-estatal-de-prevencion-deteccion-y-atencion-del-maltrato-y-explotacion-sexual-infantil\/\" \/>\n<meta property=\"og:site_name\" content=\"Sistema para el Desarrollo Integral de la Familia del Estado de Quintana Roo\" \/>\n<meta property=\"article:modified_time\" content=\"2024-08-22T21:40:44+00:00\" \/>\n<meta property=\"og:image\" content=\"https:\/\/dif.qroo.gob.mx\/wp-content\/uploads\/2024\/08\/cdnna.png\" \/>\n<meta name=\"twitter:card\" content=\"summary_large_image\" \/>\n<meta name=\"twitter:label1\" content=\"Tiempo de lectura\" \/>\n\t<meta name=\"twitter:data1\" content=\"3 minutos\" \/>\n<script type=\"application\/ld+json\" class=\"yoast-schema-graph\">{\"@context\":\"https:\/\/schema.org\",\"@graph\":[{\"@type\":\"WebPage\",\"@id\":\"https:\/\/dif.qroo.gob.mx\/index.php\/red-estatal-de-prevencion-deteccion-y-atencion-del-maltrato-y-explotacion-sexual-infantil\/\",\"url\":\"https:\/\/dif.qroo.gob.mx\/index.php\/red-estatal-de-prevencion-deteccion-y-atencion-del-maltrato-y-explotacion-sexual-infantil\/\",\"name\":\"Red Estatal De Prevenci\u00f3n, Detecci\u00f3n Y Atenci\u00f3n Del Maltrato Y Explotaci\u00f3n Sexual Infantil - Sistema para el Desarrollo Integral de la Familia del Estado de Quintana Roo\",\"isPartOf\":{\"@id\":\"https:\/\/dif.qroo.gob.mx\/#website\"},\"primaryImageOfPage\":{\"@id\":\"https:\/\/dif.qroo.gob.mx\/index.php\/red-estatal-de-prevencion-deteccion-y-atencion-del-maltrato-y-explotacion-sexual-infantil\/#primaryimage\"},\"image\":{\"@id\":\"https:\/\/dif.qroo.gob.mx\/index.php\/red-estatal-de-prevencion-deteccion-y-atencion-del-maltrato-y-explotacion-sexual-infantil\/#primaryimage\"},\"thumbnailUrl\":\"https:\/\/dif.qroo.gob.mx\/wp-content\/uploads\/2024\/08\/cdnna.png\",\"datePublished\":\"2024-08-22T21:40:42+00:00\",\"dateModified\":\"2024-08-22T21:40:44+00:00\",\"breadcrumb\":{\"@id\":\"https:\/\/dif.qroo.gob.mx\/index.php\/red-estatal-de-prevencion-deteccion-y-atencion-del-maltrato-y-explotacion-sexual-infantil\/#breadcrumb\"},\"inLanguage\":\"es\",\"potentialAction\":[{\"@type\":\"ReadAction\",\"target\":[\"https:\/\/dif.qroo.gob.mx\/index.php\/red-estatal-de-prevencion-deteccion-y-atencion-del-maltrato-y-explotacion-sexual-infantil\/\"]}]},{\"@type\":\"ImageObject\",\"inLanguage\":\"es\",\"@id\":\"https:\/\/dif.qroo.gob.mx\/index.php\/red-estatal-de-prevencion-deteccion-y-atencion-del-maltrato-y-explotacion-sexual-infantil\/#primaryimage\",\"url\":\"https:\/\/dif.qroo.gob.mx\/wp-content\/uploads\/2024\/08\/cdnna.png\",\"contentUrl\":\"https:\/\/dif.qroo.gob.mx\/wp-content\/uploads\/2024\/08\/cdnna.png\",\"width\":370,\"height\":220},{\"@type\":\"BreadcrumbList\",\"@id\":\"https:\/\/dif.qroo.gob.mx\/index.php\/red-estatal-de-prevencion-deteccion-y-atencion-del-maltrato-y-explotacion-sexual-infantil\/#breadcrumb\",\"itemListElement\":[{\"@type\":\"ListItem\",\"position\":1,\"name\":\"Inicio\",\"item\":\"https:\/\/dif.qroo.gob.mx\/\"},{\"@type\":\"ListItem\",\"position\":2,\"name\":\"Red Estatal De Prevenci\u00f3n, Detecci\u00f3n Y Atenci\u00f3n Del Maltrato Y Explotaci\u00f3n Sexual Infantil\"}]},{\"@type\":\"WebSite\",\"@id\":\"https:\/\/dif.qroo.gob.mx\/#website\",\"url\":\"https:\/\/dif.qroo.gob.mx\/\",\"name\":\"Sistema para el Desarrollo Integral de la Familia del Estado de Quintana Roo\",\"description\":\"DIF Quintana Roo\",\"publisher\":{\"@id\":\"https:\/\/dif.qroo.gob.mx\/#organization\"},\"potentialAction\":[{\"@type\":\"SearchAction\",\"target\":{\"@type\":\"EntryPoint\",\"urlTemplate\":\"https:\/\/dif.qroo.gob.mx\/?s={search_term_string}\"},\"query-input\":{\"@type\":\"PropertyValueSpecification\",\"valueRequired\":true,\"valueName\":\"search_term_string\"}}],\"inLanguage\":\"es\"},{\"@type\":\"Organization\",\"@id\":\"https:\/\/dif.qroo.gob.mx\/#organization\",\"name\":\"Sistema para el Desarrollo Integral de la Familia del Estado de Quintana Roo\",\"url\":\"https:\/\/dif.qroo.gob.mx\/\",\"logo\":{\"@type\":\"ImageObject\",\"inLanguage\":\"es\",\"@id\":\"https:\/\/dif.qroo.gob.mx\/#\/schema\/logo\/image\/\",\"url\":\"https:\/\/dif.qroo.gob.mx\/wp-content\/uploads\/2024\/08\/cropped-logo_alargado_peque.png\",\"contentUrl\":\"https:\/\/dif.qroo.gob.mx\/wp-content\/uploads\/2024\/08\/cropped-logo_alargado_peque.png\",\"width\":480,\"height\":248,\"caption\":\"Sistema para el Desarrollo Integral de la Familia del Estado de Quintana Roo\"},\"image\":{\"@id\":\"https:\/\/dif.qroo.gob.mx\/#\/schema\/logo\/image\/\"}}]}<\/script>\n<!-- \/ Yoast SEO plugin. -->","yoast_head_json":{"title":"Red Estatal De Prevenci\u00f3n, Detecci\u00f3n Y Atenci\u00f3n Del Maltrato Y Explotaci\u00f3n Sexual Infantil - Sistema para el Desarrollo Integral de la Familia del Estado de Quintana Roo","robots":{"index":"index","follow":"follow","max-snippet":"max-snippet:-1","max-image-preview":"max-image-preview:large","max-video-preview":"max-video-preview:-1"},"canonical":"https:\/\/dif.qroo.gob.mx\/index.php\/red-estatal-de-prevencion-deteccion-y-atencion-del-maltrato-y-explotacion-sexual-infantil\/","og_locale":"es_MX","og_type":"article","og_title":"Red Estatal De Prevenci\u00f3n, Detecci\u00f3n Y Atenci\u00f3n Del Maltrato Y Explotaci\u00f3n Sexual Infantil - Sistema para el Desarrollo Integral de la Familia del Estado de Quintana Roo","og_description":"Antecedentes El Sistema DIF Estatal, desde el a\u00f1o 2006 integra la Red Estatal de Prevenci\u00f3n, Detecci\u00f3n y Atenci\u00f3n del Maltrato y Explotaci\u00f3n Sexual Infantil, la cual es conformada por profesionales de las diversas instituciones del estado, quienes sensibilizados ante la grave problem\u00e1tica de la violencia en sus m\u00faltiples formas hacia las mujeres, los ni\u00f1os y ... Leer m\u00e1s","og_url":"https:\/\/dif.qroo.gob.mx\/index.php\/red-estatal-de-prevencion-deteccion-y-atencion-del-maltrato-y-explotacion-sexual-infantil\/","og_site_name":"Sistema para el Desarrollo Integral de la Familia del Estado de Quintana Roo","article_modified_time":"2024-08-22T21:40:44+00:00","og_image":[{"url":"https:\/\/dif.qroo.gob.mx\/wp-content\/uploads\/2024\/08\/cdnna.png","type":"","width":"","height":""}],"twitter_card":"summary_large_image","twitter_misc":{"Tiempo de lectura":"3 minutos"},"schema":{"@context":"https:\/\/schema.org","@graph":[{"@type":"WebPage","@id":"https:\/\/dif.qroo.gob.mx\/index.php\/red-estatal-de-prevencion-deteccion-y-atencion-del-maltrato-y-explotacion-sexual-infantil\/","url":"https:\/\/dif.qroo.gob.mx\/index.php\/red-estatal-de-prevencion-deteccion-y-atencion-del-maltrato-y-explotacion-sexual-infantil\/","name":"Red Estatal De Prevenci\u00f3n, Detecci\u00f3n Y Atenci\u00f3n Del Maltrato Y Explotaci\u00f3n Sexual Infantil - Sistema para el Desarrollo Integral de la Familia del Estado de Quintana Roo","isPartOf":{"@id":"https:\/\/dif.qroo.gob.mx\/#website"},"primaryImageOfPage":{"@id":"https:\/\/dif.qroo.gob.mx\/index.php\/red-estatal-de-prevencion-deteccion-y-atencion-del-maltrato-y-explotacion-sexual-infantil\/#primaryimage"},"image":{"@id":"https:\/\/dif.qroo.gob.mx\/index.php\/red-estatal-de-prevencion-deteccion-y-atencion-del-maltrato-y-explotacion-sexual-infantil\/#primaryimage"},"thumbnailUrl":"https:\/\/dif.qroo.gob.mx\/wp-content\/uploads\/2024\/08\/cdnna.png","datePublished":"2024-08-22T21:40:42+00:00","dateModified":"2024-08-22T21:40:44+00:00","breadcrumb":{"@id":"https:\/\/dif.qroo.gob.mx\/index.php\/red-estatal-de-prevencion-deteccion-y-atencion-del-maltrato-y-explotacion-sexual-infantil\/#breadcrumb"},"inLanguage":"es","potentialAction":[{"@type":"ReadAction","target":["https:\/\/dif.qroo.gob.mx\/index.php\/red-estatal-de-prevencion-deteccion-y-atencion-del-maltrato-y-explotacion-sexual-infantil\/"]}]},{"@type":"ImageObject","inLanguage":"es","@id":"https:\/\/dif.qroo.gob.mx\/index.php\/red-estatal-de-prevencion-deteccion-y-atencion-del-maltrato-y-explotacion-sexual-infantil\/#primaryimage","url":"https:\/\/dif.qroo.gob.mx\/wp-content\/uploads\/2024\/08\/cdnna.png","contentUrl":"https:\/\/dif.qroo.gob.mx\/wp-content\/uploads\/2024\/08\/cdnna.png","width":370,"height":220},{"@type":"BreadcrumbList","@id":"https:\/\/dif.qroo.gob.mx\/index.php\/red-estatal-de-prevencion-deteccion-y-atencion-del-maltrato-y-explotacion-sexual-infantil\/#breadcrumb","itemListElement":[{"@type":"ListItem","position":1,"name":"Inicio","item":"https:\/\/dif.qroo.gob.mx\/"},{"@type":"ListItem","position":2,"name":"Red Estatal De Prevenci\u00f3n, Detecci\u00f3n Y Atenci\u00f3n Del Maltrato Y Explotaci\u00f3n Sexual Infantil"}]},{"@type":"WebSite","@id":"https:\/\/dif.qroo.gob.mx\/#website","url":"https:\/\/dif.qroo.gob.mx\/","name":"Sistema para el Desarrollo Integral de la Familia del Estado de Quintana Roo","description":"DIF Quintana Roo","publisher":{"@id":"https:\/\/dif.qroo.gob.mx\/#organization"},"potentialAction":[{"@type":"SearchAction","target":{"@type":"EntryPoint","urlTemplate":"https:\/\/dif.qroo.gob.mx\/?s={search_term_string}"},"query-input":{"@type":"PropertyValueSpecification","valueRequired":true,"valueName":"search_term_string"}}],"inLanguage":"es"},{"@type":"Organization","@id":"https:\/\/dif.qroo.gob.mx\/#organization","name":"Sistema para el Desarrollo Integral de la Familia del Estado de Quintana Roo","url":"https:\/\/dif.qroo.gob.mx\/","logo":{"@type":"ImageObject","inLanguage":"es","@id":"https:\/\/dif.qroo.gob.mx\/#\/schema\/logo\/image\/","url":"https:\/\/dif.qroo.gob.mx\/wp-content\/uploads\/2024\/08\/cropped-logo_alargado_peque.png","contentUrl":"https:\/\/dif.qroo.gob.mx\/wp-content\/uploads\/2024\/08\/cropped-logo_alargado_peque.png","width":480,"height":248,"caption":"Sistema para el Desarrollo Integral de la Familia del Estado de Quintana Roo"},"image":{"@id":"https:\/\/dif.qroo.gob.mx\/#\/schema\/logo\/image\/"}}]}},"_links":{"self":[{"href":"https:\/\/dif.qroo.gob.mx\/index.php\/wp-json\/wp\/v2\/pages\/37022","targetHints":{"allow":["GET"]}}],"collection":[{"href":"https:\/\/dif.qroo.gob.mx\/index.php\/wp-json\/wp\/v2\/pages"}],"about":[{"href":"https:\/\/dif.qroo.gob.mx\/index.php\/wp-json\/wp\/v2\/types\/page"}],"author":[{"embeddable":true,"href":"https:\/\/dif.qroo.gob.mx\/index.php\/wp-json\/wp\/v2\/users\/4"}],"replies":[{"embeddable":true,"href":"https:\/\/dif.qroo.gob.mx\/index.php\/wp-json\/wp\/v2\/comments?post=37022"}],"version-history":[{"count":1,"href":"https:\/\/dif.qroo.gob.mx\/index.php\/wp-json\/wp\/v2\/pages\/37022\/revisions"}],"predecessor-version":[{"id":37023,"href":"https:\/\/dif.qroo.gob.mx\/index.php\/wp-json\/wp\/v2\/pages\/37022\/revisions\/37023"}],"wp:attachment":[{"href":"https:\/\/dif.qroo.gob.mx\/index.php\/wp-json\/wp\/v2\/media?parent=37022"}],"curies":[{"name":"wp","href":"https:\/\/api.w.org\/{rel}","templated":true}]}}